{"id":617,"date":"2017-02-21T22:31:04","date_gmt":"2017-02-21T22:31:04","guid":{"rendered":"http:\/\/revistajuridica.uprrp.edu\/inrev\/?page_id=617"},"modified":"2017-02-21T22:31:04","modified_gmt":"2017-02-21T22:31:04","slug":"quienes-somos","status":"publish","type":"page","link":"https:\/\/derecho.uprrp.edu\/inrev\/quienes-somos\/","title":{"rendered":"Sobre Nosotros"},"content":{"rendered":"<p>\t\t\t\tEn el 2017,<em> In Rev<\/em> se fund\u00f3 como una publicaci\u00f3n completamente digital de la Revista Jur\u00eddica de la Universidad de Puerto Rico. A trav\u00e9s de <em>In Rev<\/em>, la Revista busca facilitar y agilizar su interacci\u00f3n con la comunidad universitaria, jur\u00eddica y el entorno social puertorrique\u00f1o en general. De esta manera, buscamos responder a los debates y controversias de actualidad de manera m\u00e1s r\u00e1pida y directa, y fomentar la discusi\u00f3n de temas jur\u00eddicos a trav\u00e9s de los medios electr\u00f3nicos. De igual forma, se persigue proveer un espacio en el cual tanto estudiantes como profesionales del Derecho y otros campos puedan hacer aportaciones a la Revista y a la discusi\u00f3n jur\u00eddica en Puerto Rico.<\/p>\n<p>El nombre de\u00a0<em>In Rev\u00a0<\/em>surge de\u00a0<em>In Re<\/em>, frase latina que significa &#8220;con referencia a&#8221;. El nombre alude a la tarea de an\u00e1lisis y divulgaci\u00f3n de contenido que la Revista quiere abordar <em>con referencia a<\/em> los problemas legales de mayor inter\u00e9s en nuestra sociedad.<\/p>\n<p>Actualmente,\u00a0<em>In Rev\u00a0<\/em>funciona con su propio equipo editorial similar a los que componen la Revista tradicional. Este equipo editorial incluye: un Director Digital, Editores Titulares, Editores Asociados, y Redactores Digitales.<\/p>\n<p>De parte de la Revista Jur\u00eddica, le invitamos a que exploren a\u00a0<em>In Rev<\/em>\u00a0y esperamos que esta plataforma sea de su utilidad y agrado.<\/p>\n<hr \/>\n<p><strong>ABOUT US<\/strong><\/p>\n<p>In 2017, <em>In Rev<\/em> was founded as a fully digital publication of the University of Puerto Rico (UPR) Law Review. Through <em>In Rev<\/em>, the UPR Law Review seeks to ease and expedite the interaction of the journal with their readers. <em>In Rev<\/em> looks to respond to the current debates and controversies and to encourage the discussion of legal issues through electronic means. Likewise, it seeks to provide a space in which students, attorneys, and the general public can make contributions to the legal profession.<\/p>\n<p>The name of <em>In Rev<\/em> originates from <em>In Re<\/em>, which is Latin for \u201cin the matter of\u201d. The name alludes to the task of analysis and dissemination of content that the Law Review wants to address <em>in the matter of<\/em> the most relevant legal issues in our society.<\/p>\n<p>Currently, <em>In Rev<\/em> works with its own editorial team similar to those that make up the print edition of the UPR Law Review. This editorial team includes a Digital Director, Senior Editors, Associate Editors, and Digital Writers.<\/p>\n<p>On behalf of the UPR Law Review, we welcome you to explore <em>In Rev<\/em> and hope that it is to your liking.\t\t<\/p>\n","protected":false},"excerpt":{"rendered":"<p>En el 2017, In Rev se fund\u00f3 como una publicaci\u00f3n completamente digital de la Revista Jur\u00eddica de la Universidad de Puerto Rico. A trav\u00e9s de In Rev, la Revista busca facilitar y agilizar su interacci\u00f3n con la comunidad universitaria, jur\u00eddica y el entorno social puertorrique\u00f1o en general. De esta manera, buscamos responder a los debates<\/p>\n<div class=\"read-more\"><a href=\"https:\/\/derecho.uprrp.edu\/inrev\/quienes-somos\/\" title=\"Read More\">Read More<\/a><\/div>\n","protected":false},"author":20,"featured_media":0,"parent":0,"menu_order":0,"comment_status":"closed","ping_status":"closed","template":"","meta":{"footnotes":""},"class_list":["post-617","page","type-page","status-publish"],"_links":{"self":[{"href":"https:\/\/derecho.uprrp.edu\/inrev\/wp-json\/wp\/v2\/pages\/617","targetHints":{"allow":["GET"]}}],"collection":[{"href":"https:\/\/derecho.uprrp.edu\/inrev\/wp-json\/wp\/v2\/pages"}],"about":[{"href":"https:\/\/derecho.uprrp.edu\/inrev\/wp-json\/wp\/v2\/types\/page"}],"author":[{"embeddable":true,"href":"https:\/\/derecho.uprrp.edu\/inrev\/wp-json\/wp\/v2\/users\/20"}],"replies":[{"embeddable":true,"href":"https:\/\/derecho.uprrp.edu\/inrev\/wp-json\/wp\/v2\/comments?post=617"}],"version-history":[{"count":0,"href":"https:\/\/derecho.uprrp.edu\/inrev\/wp-json\/wp\/v2\/pages\/617\/revisions"}],"wp:attachment":[{"href":"https:\/\/derecho.uprrp.edu\/inrev\/wp-json\/wp\/v2\/media?parent=617"}],"curies":[{"name":"wp","href":"https:\/\/api.w.org\/{rel}","templated":true}]}}