{"id":1013,"date":"2016-05-23T22:19:02","date_gmt":"2016-05-23T22:19:02","guid":{"rendered":"http:\/\/revistajuridica.uprrp.edu\/wp\/?page_id=1013"},"modified":"2022-06-22T23:44:46","modified_gmt":"2022-06-22T23:44:46","slug":"volumen-85-num-3","status":"publish","type":"page","link":"https:\/\/derecho.uprrp.edu\/revistajuridica\/volumenes\/revista-juridica-upr\/volumen-85-num-3\/","title":{"rendered":"Volumen 85-N\u00famero 3"},"content":{"rendered":"<ul id=\"lcp_instance_0\" class=\"lcp_catlist\">\n<li>\n<h5 class=\"lcp_title\"><a href=\"https:\/\/derecho.uprrp.edu\/revistajuridica\/wp-content\/uploads\/sites\/4\/2016\/06\/85-Rev.-Jur.-UPR-833-2016.pdf\" target=\"_blank\" rel=\"noopener\">El r\u00e9gimen de los acreedores y la crisis de la deuda: Aspectos del contexto general y el caso de Puerto Rico (2014-2016)<\/a><\/h5>\n<div class=\"lcp_excerpt\">Rafael Bernabe, 85 Rev. Jur. UPR 833 (2016).<\/div>\n<p><a class=\"lcp_morelink\" href=\"https:\/\/derecho.uprrp.edu\/revistajuridica\/wp-content\/uploads\/sites\/4\/2016\/06\/85-Rev.-Jur.-UPR-833-2016.pdf\" target=\"_blank\" rel=\"noopener\">Art\u00edculo en PDF<\/a><\/li>\n<\/ul>\n<ul id=\"lcp_instance_0\" class=\"lcp_catlist\">\n<li>\n<h5 class=\"lcp_title\"><a href=\"https:\/\/derecho.uprrp.edu\/revistajuridica\/wp-content\/uploads\/sites\/4\/2016\/06\/85-Rev.-Jur.-UPR-819-2016.pdf\" target=\"_blank\" rel=\"noopener\">La Constituci\u00f3n de Puerto Rico y su requisito de un presupuesto balanceado<\/a><\/h5>\n<div class=\"lcp_excerpt\">Carlos Col\u00f3n De Armas, 85 Rev. Jur. UPR 819 (2016).<\/div>\n<p><a class=\"lcp_morelink\" href=\"https:\/\/derecho.uprrp.edu\/revistajuridica\/wp-content\/uploads\/sites\/4\/2016\/06\/85-Rev.-Jur.-UPR-819-2016.pdf\" target=\"_blank\" rel=\"noopener\">Art\u00edculo en PDF<\/a><\/li>\n<\/ul>\n<ul id=\"lcp_instance_0\" class=\"lcp_catlist\">\n<li>\n<h5 class=\"lcp_title\"><a href=\"https:\/\/derecho.uprrp.edu\/revistajuridica\/wp-content\/uploads\/sites\/4\/2016\/06\/85-Rev.-Jur.-UPR-769-2016.pdf\" target=\"_blank\" rel=\"noopener\">El pa\u00eds desfigurado: Una mirada a los problemas estructurales que impiden el progreso congruente y sustentable de Puerto Rico<\/a><\/h5>\n<div class=\"lcp_excerpt\">Ingrid Vila Biaggi, 85 Rev. Jur. UPR 769 (2016).<\/div>\n<p><a class=\"lcp_morelink\" href=\"https:\/\/derecho.uprrp.edu\/revistajuridica\/wp-content\/uploads\/sites\/4\/2016\/06\/85-Rev.-Jur.-UPR-769-2016.pdf\" target=\"_blank\" rel=\"noopener\">Art\u00edculo en PDF<\/a><\/li>\n<\/ul>\n<ul id=\"lcp_instance_0\" class=\"lcp_catlist\">\n<li>\n<h5 class=\"lcp_title\"><a href=\"https:\/\/derecho.uprrp.edu\/revistajuridica\/wp-content\/uploads\/sites\/4\/2016\/06\/85-Rev.-Jur.-UPR-753-2016.pdf\" target=\"_blank\" rel=\"noopener\">Advertencias deso\u00eddas: entre el especio financiero y la econom\u00eda real<\/a><\/h5>\n<div class=\"lcp_excerpt\">Francisco A. Catal\u00e1 Oliveras, 85 Rev. Jur. UPR 753 (2016).<\/div>\n<p><a class=\"lcp_morelink\" href=\"https:\/\/derecho.uprrp.edu\/revistajuridica\/wp-content\/uploads\/sites\/4\/2016\/06\/85-Rev.-Jur.-UPR-753-2016.pdf\" target=\"_blank\" rel=\"noopener\">Art\u00edculo en PDF<\/a><\/li>\n<\/ul>\n<ul id=\"lcp_instance_0\" class=\"lcp_catlist\">\n<li>\n<h5 class=\"lcp_title\"><a href=\"https:\/\/derecho.uprrp.edu\/revistajuridica\/wp-content\/uploads\/sites\/4\/2016\/06\/85-Rev.-Jur.-UPR-729-2016.pdf\" target=\"_blank\" rel=\"noopener\">With Plenary Power Comes Plenary Responsability: Puerto Rico\u2019s Economic and Fiscal Crisis and the United States<\/a><\/h5>\n<div class=\"lcp_excerpt\">An\u00edbal Acevedo Vil\u00e1, 85 Rev. Jur. UPR 729 (2016).<\/div>\n<p><a class=\"lcp_morelink\" href=\"https:\/\/derecho.uprrp.edu\/revistajuridica\/wp-content\/uploads\/sites\/4\/2016\/06\/85-Rev.-Jur.-UPR-729-2016.pdf\" target=\"_blank\" rel=\"noopener\">Art\u00edculo en PDF<\/a><\/li>\n<\/ul>\n<ul id=\"lcp_instance_0\" class=\"lcp_catlist\">\n<li>\n<h5 class=\"lcp_title\"><a href=\"https:\/\/derecho.uprrp.edu\/revistajuridica\/wp-content\/uploads\/sites\/4\/2016\/06\/85-Rev.-Jur.-UPR-721-2016.pdf\" target=\"_blank\" rel=\"noopener\">La doctrina del campo ocupado y la facultad del Gobierno de Puerto Rico para implementar soluciones a la situaci\u00f3n de insolvencia de sus subdivisiones pol\u00edticas<\/a><\/h5>\n<div class=\"lcp_excerpt\">Jos\u00e9 L. Nieto Mingo, 85 Rev. Jur. UPR 721 (2016).<\/div>\n<p><a class=\"lcp_morelink\" href=\"https:\/\/derecho.uprrp.edu\/revistajuridica\/wp-content\/uploads\/sites\/4\/2016\/06\/85-Rev.-Jur.-UPR-721-2016.pdf\" target=\"_blank\" rel=\"noopener\">Art\u00edculo en PDF<\/a><\/li>\n<\/ul>\n<ul id=\"lcp_instance_0\" class=\"lcp_catlist\">\n<li>\n<h5 class=\"lcp_title\"><a href=\"https:\/\/derecho.uprrp.edu\/revistajuridica\/wp-content\/uploads\/sites\/4\/2016\/06\/85-Rev.-Jur.-UPR-705-2016.pdf\" target=\"_blank\" rel=\"noopener\">Disposiciones sobre la deuda p\u00fablica en la Constituci\u00f3n del Estado Libre Asociado de Puerto Rico: breve reflexi\u00f3n hist\u00f3rica-constitucional<\/a><\/h5>\n<div class=\"lcp_excerpt\">Carlos E. Ramos Gonz\u00e1lez, 85 Rev. Jur. UPR 705 (2016).<\/div>\n<p><a class=\"lcp_morelink\" href=\"https:\/\/derecho.uprrp.edu\/revistajuridica\/wp-content\/uploads\/sites\/4\/2016\/06\/85-Rev.-Jur.-UPR-705-2016.pdf\" target=\"_blank\" rel=\"noopener\">Art\u00edculo en PDF<\/a><\/li>\n<\/ul>\n<ul id=\"lcp_instance_0\" class=\"lcp_catlist\">\n<li>\n<h5 class=\"lcp_title\"><a href=\"https:\/\/derecho.uprrp.edu\/revistajuridica\/wp-content\/uploads\/sites\/4\/2016\/06\/85-Rev.-Jur.-UPR-689-2016.pdf\" target=\"_blank\" rel=\"noopener\">What Bankruptcy Law Can and Cannot Do for Puerto Rico<\/a><\/h5>\n<div class=\"lcp_excerpt\">John A.E. Pottow, 85 Rev. Jur. UPR 689 (2016).<\/div>\n<p><a class=\"lcp_morelink\" href=\"https:\/\/derecho.uprrp.edu\/revistajuridica\/wp-content\/uploads\/sites\/4\/2016\/06\/85-Rev.-Jur.-UPR-689-2016.pdf\" target=\"_blank\" rel=\"noopener\">Art\u00edculo en PDF<\/a><\/li>\n<\/ul>\n<ul id=\"lcp_instance_0\" class=\"lcp_catlist\">\n<li>\n<h5 class=\"lcp_title\"><a href=\"https:\/\/derecho.uprrp.edu\/revistajuridica\/wp-content\/uploads\/sites\/4\/2016\/06\/85-Rev.-Jur.-UPR-629-2016.pdf\" target=\"_blank\" rel=\"noopener\">Restructuring Puerto Rico\u2019s General Obligation Debt<\/a><\/h5>\n<div class=\"lcp_excerpt\">Antonio J. Pietrantoni, 85 Rev. Jur. UPR 629 (2016).<\/div>\n<p><a class=\"lcp_morelink\" href=\"https:\/\/derecho.uprrp.edu\/revistajuridica\/wp-content\/uploads\/sites\/4\/2016\/06\/85-Rev.-Jur.-UPR-629-2016.pdf\" target=\"_blank\" rel=\"noopener\">Art\u00edculo en PDF<\/a><\/li>\n<\/ul>\n<ul id=\"lcp_instance_0\" class=\"lcp_catlist\">\n<li>\n<h5 class=\"lcp_title\"><a href=\"https:\/\/derecho.uprrp.edu\/revistajuridica\/wp-content\/uploads\/sites\/4\/2016\/06\/85-Rev.-Jur.-UPR-611-2016.pdf\" target=\"_blank\" rel=\"noopener\">Reestructuraci\u00f3n de deuda soberana en una arquitectura financiera-legal con huecos<\/a><\/h5>\n<div class=\"lcp_excerpt\">Martin Guzm\u00e1n, 85 Rev. Jur. UPR 611 (2016).<\/div>\n<p><a class=\"lcp_morelink\" href=\"https:\/\/derecho.uprrp.edu\/revistajuridica\/wp-content\/uploads\/sites\/4\/2016\/06\/85-Rev.-Jur.-UPR-611-2016.pdf\" target=\"_blank\" rel=\"noopener\">Art\u00edculo en PDF<\/a><\/li>\n<\/ul>\n","protected":false},"excerpt":{"rendered":"<p>El r\u00e9gimen de los acreedores y la crisis de la deuda: Aspectos del contexto general y el caso de Puerto Rico (2014-2016) Rafael Bernabe, 85 Rev. Jur. UPR 833 (2016). Art\u00edculo en PDF La Constituci\u00f3n de Puerto Rico y su requisito de un presupuesto balanceado Carlos Col\u00f3n De Armas, 85 Rev. Jur. UPR 819 (2016).<\/p>\n<div class=\"read-more\"><a href=\"https:\/\/derecho.uprrp.edu\/revistajuridica\/volumenes\/revista-juridica-upr\/volumen-85-num-3\/\" title=\"Read More\">Read More<\/a><\/div>\n","protected":false},"author":17,"featured_media":0,"parent":616,"menu_order":0,"comment_status":"closed","ping_status":"closed","template":"","meta":{"footnotes":""},"class_list":["post-1013","page","type-page","status-publish"],"_links":{"self":[{"href":"https:\/\/derecho.uprrp.edu\/revistajuridica\/wp-json\/wp\/v2\/pages\/1013","targetHints":{"allow":["GET"]}}],"collection":[{"href":"https:\/\/derecho.uprrp.edu\/revistajuridica\/wp-json\/wp\/v2\/pages"}],"about":[{"href":"https:\/\/derecho.uprrp.edu\/revistajuridica\/wp-json\/wp\/v2\/types\/page"}],"author":[{"embeddable":true,"href":"https:\/\/derecho.uprrp.edu\/revistajuridica\/wp-json\/wp\/v2\/users\/17"}],"replies":[{"embeddable":true,"href":"https:\/\/derecho.uprrp.edu\/revistajuridica\/wp-json\/wp\/v2\/comments?post=1013"}],"version-history":[{"count":2,"href":"https:\/\/derecho.uprrp.edu\/revistajuridica\/wp-json\/wp\/v2\/pages\/1013\/revisions"}],"predecessor-version":[{"id":6308,"href":"https:\/\/derecho.uprrp.edu\/revistajuridica\/wp-json\/wp\/v2\/pages\/1013\/revisions\/6308"}],"up":[{"embeddable":true,"href":"https:\/\/derecho.uprrp.edu\/revistajuridica\/wp-json\/wp\/v2\/pages\/616"}],"wp:attachment":[{"href":"https:\/\/derecho.uprrp.edu\/revistajuridica\/wp-json\/wp\/v2\/media?parent=1013"}],"curies":[{"name":"wp","href":"https:\/\/api.w.org\/{rel}","templated":true}]}}