{"id":2495,"date":"2017-05-28T13:28:10","date_gmt":"2017-05-28T17:28:10","guid":{"rendered":"http:\/\/revistajuridica.uprrp.edu\/?page_id=2495"},"modified":"2022-06-23T19:11:10","modified_gmt":"2022-06-23T19:11:10","slug":"volumen-83-numero-1","status":"publish","type":"page","link":"https:\/\/derecho.uprrp.edu\/revistajuridica\/volumenes\/revista-juridica-upr\/volumen-83-numero-1\/","title":{"rendered":"Volumen 83-N\u00famero 1"},"content":{"rendered":"<ul id=\"lcp_instance_0\" class=\"lcp_catlist\">\n<li>\n<h5 class=\"lcp_title\"><a href=\"https:\/\/derecho.uprrp.edu\/revistajuridica\/wp-content\/uploads\/sites\/4\/2016\/11\/83-REV-JUR-601.pdf\" target=\"_blank\" rel=\"noopener\">Miriam Anderson, Los acuerdos en previsi\u00f3n de una ruptura matrimonial: La reforma catalana de 2000 en contraste con la jurisprudencia del Tribunal Supremo espa\u00f1ol, 83 REV. JUR. UPR 601 (2014).<\/a><\/h5>\n<\/li>\n<li>\n<h5 class=\"lcp_title\"><a href=\"https:\/\/derecho.uprrp.edu\/revistajuridica\/wp-content\/uploads\/sites\/4\/2016\/11\/83-REV-JUR-561.pdf\" target=\"_blank\" rel=\"noopener\">N\u00faria Gin\u00e9s Castellet, Los pactos en previsi\u00f3n de ruptura matrimonial en el Derecho Civil de Catalu\u00f1a, 83 REV. JUR. UPR 561 (2014).<\/a><\/h5>\n<\/li>\n<li>\n<h5 class=\"lcp_title\"><a href=\"https:\/\/derecho.uprrp.edu\/revistajuridica\/wp-content\/uploads\/sites\/4\/2016\/11\/83-REV-JUR-537.pdf\" target=\"_blank\" rel=\"noopener\">Glenda Labadie Jackson, Reflexiones acerca de la libertad de contrataci\u00f3n en el Derecho de Familia moderno: An\u00e1lisis comparado, 83 REV. JUR. UPR 537 (2014).<\/a><\/h5>\n<\/li>\n<li>\n<h5 class=\"lcp_title\"><a href=\"https:\/\/derecho.uprrp.edu\/revistajuridica\/wp-content\/uploads\/sites\/4\/2016\/11\/83-REV-JUR-519.pdf\" target=\"_blank\" rel=\"noopener\">Arturo L.B. Hern\u00e1ndez Gonz\u00e1lez, Breves apuntes acerca del matrimonio y el consentimiento en el Derecho romano, 83 REV. JUR. UPR 519 (2014).<\/a><\/h5>\n<\/li>\n<li>\n<h5 class=\"lcp_title\"><a href=\"https:\/\/derecho.uprrp.edu\/revistajuridica\/wp-content\/uploads\/sites\/4\/2016\/11\/83-REV-JUR-487.pdf\" target=\"_blank\" rel=\"noopener\">Juan Carlos Ram\u00edrez Ortiz, Capitulaciones matrimoniales: Un an\u00e1lisis sobre la eficacia y validez de las cl\u00e1usulas en que se determina la religi\u00f3n en que se habr\u00e1 de educar a los hijos, 83 REV. JUR. UPR 487 (2014).<\/a><\/h5>\n<\/li>\n<li>\n<h5 class=\"lcp_title\"><a href=\"https:\/\/derecho.uprrp.edu\/revistajuridica\/wp-content\/uploads\/sites\/4\/2016\/11\/83-REV-JUR-471.pdf\" target=\"_blank\" rel=\"noopener\">Ram\u00f3n L. Torres &amp; Francisco Quiles Torres, Capitulaciones matrimoniales: An\u00e1lisis estad\u00edstico, 83 REV. JUR. UPR 471 (2014).<\/a><\/h5>\n<\/li>\n<li>\n<h5 class=\"lcp_title\"><a href=\"https:\/\/derecho.uprrp.edu\/revistajuridica\/wp-content\/uploads\/sites\/4\/2016\/11\/83-REV-JUR-435.pdf\" target=\"_blank\" rel=\"noopener\">Yanet S\u00e1nchez Rem\u00f3n, An\u00e1lisis del tratamiento judicial de la violencia dom\u00e9stica y la intervenci\u00f3n con la persona agresora en Puerto Rico desde la perspectiva de la justicia terap\u00e9utica, 83 REV. JUR. UPR 435 (2014).<\/a><\/h5>\n<\/li>\n<li>\n<h5 class=\"lcp_title\"><a href=\"https:\/\/derecho.uprrp.edu\/revistajuridica\/wp-content\/uploads\/sites\/4\/2016\/11\/83-REV-JUR-407.pdf\" target=\"_blank\" rel=\"noopener\">Zo\u00e1n T. D\u00e1vila Rold\u00e1n, El discrimen interseccional: Contexto y acercamiento a la realidad puertorrique\u00f1a, 83 REV. JUR. UPR 407 (2014).<\/a><\/h5>\n<\/li>\n<li>\n<h5 class=\"lcp_title\"><a href=\"https:\/\/derecho.uprrp.edu\/revistajuridica\/wp-content\/uploads\/sites\/4\/2016\/11\/83-REV-JUR-373.pdf\" target=\"_blank\" rel=\"noopener\">Cristian D. Gonz\u00e1lez &amp; Armando J.S. Pintado, Constituci\u00f3n y fuerza de ley: An\u00e1lisis de la acci\u00f3n gubernamental puertorrique\u00f1a en torno a las cl\u00e1usulas de no establecimiento y de total separaci\u00f3n de Iglesia y Estado, 83 REV. JUR. UPR 373 (2014).<\/a><\/h5>\n<\/li>\n<li>\n<h5 class=\"lcp_title\"><a href=\"https:\/\/derecho.uprrp.edu\/revistajuridica\/wp-content\/uploads\/sites\/4\/2016\/11\/83-REV-JUR-329.pdf\" target=\"_blank\" rel=\"noopener\">Celeste Hilerio Echevarr\u00eda, An\u00e1lisis sobre la libertad de expresi\u00f3n de los abogados y jueces de Puerto Rico, 83 REV. JUR. UPR 329 (2014).<\/a><\/h5>\n<\/li>\n<li>\n<h5 class=\"lcp_title\"><a href=\"https:\/\/derecho.uprrp.edu\/revistajuridica\/wp-content\/uploads\/sites\/4\/2016\/11\/83-REV-JUR-305.pdf\" target=\"_blank\" rel=\"noopener\">Luis Daniel V\u00e1zquez Acevedo &amp; Juanita Rodr\u00edguez Lugo, El Derecho frente a la crisis econ\u00f3mica mundial: Hacia el desempe\u00f1o efectivo y eficaz de la facultad legal conferida a la Asamblea Legislativa de Puerto Rico para estabilizar y desarrollar la econom\u00eda local mediante la formulaci\u00f3n de pol\u00edticas p\u00fablicas, 83 REV. JUR. UPR 305 (2014).<\/a><\/h5>\n<\/li>\n<li>\n<h5 class=\"lcp_title\"><a href=\"https:\/\/derecho.uprrp.edu\/revistajuridica\/wp-content\/uploads\/sites\/4\/2016\/11\/83-REV-JUR-283.pdf\" target=\"_blank\" rel=\"noopener\">Camille I. Marrero Qui\u00f1ones, El delito ambiental: Instrumento disuasivo del Estado, 83 REV. JUR. UPR 283 (2014).<\/a><\/h5>\n<\/li>\n<li>\n<h5 class=\"lcp_title\"><a href=\"https:\/\/derecho.uprrp.edu\/revistajuridica\/wp-content\/uploads\/sites\/4\/2016\/11\/83-REV-JUR-239.pdf\" target=\"_blank\" rel=\"noopener\">Luis A. Zambrana Gonz\u00e1lez, La Escuela de Derecho como espacio de publicaciones acad\u00e9micas, 83 REV. JUR. UPR 239 (2014).<\/a><\/h5>\n<\/li>\n<li>\n<h5 class=\"lcp_title\"><a href=\"https:\/\/derecho.uprrp.edu\/revistajuridica\/wp-content\/uploads\/sites\/4\/2016\/11\/83-REV-JUR-193.pdf\" target=\"_blank\" rel=\"noopener\">Alexander G. Reynoso V\u00e1zquez, Acceso a la educaci\u00f3n superior para grupos social y econ\u00f3micamente desfavorecidos: Situaci\u00f3n en las escuelas de Derecho de Puerto Rico, 83 REV. JUR. UPR 193 (2014).<\/a><\/h5>\n<\/li>\n<li>\n<h5 class=\"lcp_title\"><a href=\"https:\/\/derecho.uprrp.edu\/revistajuridica\/wp-content\/uploads\/sites\/4\/2016\/11\/83-REV-JUR-173.pdf\" target=\"_blank\" rel=\"noopener\">F\u00e9lix Figueroa Cab\u00e1n, Principio de respeto a los tribunales: Aproximaci\u00f3n a su desarrollo hist\u00f3rico y jurisprudencial, 83 REV. JUR. UPR 173 (2014).<\/a><\/h5>\n<\/li>\n<li>\n<h5 class=\"lcp_title\"><a href=\"https:\/\/derecho.uprrp.edu\/revistajuridica\/wp-content\/uploads\/sites\/4\/2016\/11\/83-REV-JUR-143.pdf\" target=\"_blank\" rel=\"noopener\">David Monta\u00f1ez Miranda, Iniciativa &amp; Refer\u00e9ndum: las experiencias estatales como modelo para Puerto Rico, 83 REV. JUR. UPR 143 (2014).<\/a><\/h5>\n<\/li>\n<\/ul>\n","protected":false},"excerpt":{"rendered":"<p>Miriam Anderson, Los acuerdos en previsi\u00f3n de una ruptura matrimonial: La reforma catalana de 2000 en contraste con la jurisprudencia del Tribunal Supremo espa\u00f1ol, 83 REV. JUR. UPR 601 (2014). N\u00faria Gin\u00e9s Castellet, Los pactos en previsi\u00f3n de ruptura matrimonial en el Derecho Civil de Catalu\u00f1a, 83 REV. JUR. UPR 561 (2014). Glenda Labadie Jackson,<\/p>\n<div class=\"read-more\"><a href=\"https:\/\/derecho.uprrp.edu\/revistajuridica\/volumenes\/revista-juridica-upr\/volumen-83-numero-1\/\" title=\"Read More\">Read More<\/a><\/div>\n","protected":false},"author":17,"featured_media":0,"parent":616,"menu_order":0,"comment_status":"closed","ping_status":"closed","template":"","meta":{"footnotes":""},"class_list":["post-2495","page","type-page","status-publish"],"_links":{"self":[{"href":"https:\/\/derecho.uprrp.edu\/revistajuridica\/wp-json\/wp\/v2\/pages\/2495","targetHints":{"allow":["GET"]}}],"collection":[{"href":"https:\/\/derecho.uprrp.edu\/revistajuridica\/wp-json\/wp\/v2\/pages"}],"about":[{"href":"https:\/\/derecho.uprrp.edu\/revistajuridica\/wp-json\/wp\/v2\/types\/page"}],"author":[{"embeddable":true,"href":"https:\/\/derecho.uprrp.edu\/revistajuridica\/wp-json\/wp\/v2\/users\/17"}],"replies":[{"embeddable":true,"href":"https:\/\/derecho.uprrp.edu\/revistajuridica\/wp-json\/wp\/v2\/comments?post=2495"}],"version-history":[{"count":2,"href":"https:\/\/derecho.uprrp.edu\/revistajuridica\/wp-json\/wp\/v2\/pages\/2495\/revisions"}],"predecessor-version":[{"id":6321,"href":"https:\/\/derecho.uprrp.edu\/revistajuridica\/wp-json\/wp\/v2\/pages\/2495\/revisions\/6321"}],"up":[{"embeddable":true,"href":"https:\/\/derecho.uprrp.edu\/revistajuridica\/wp-json\/wp\/v2\/pages\/616"}],"wp:attachment":[{"href":"https:\/\/derecho.uprrp.edu\/revistajuridica\/wp-json\/wp\/v2\/media?parent=2495"}],"curies":[{"name":"wp","href":"https:\/\/api.w.org\/{rel}","templated":true}]}}