{"id":2511,"date":"2017-05-28T13:47:15","date_gmt":"2017-05-28T17:47:15","guid":{"rendered":"http:\/\/revistajuridica.uprrp.edu\/?page_id=2511"},"modified":"2022-06-25T00:09:56","modified_gmt":"2022-06-25T00:09:56","slug":"volumen-83-numero-4","status":"publish","type":"page","link":"https:\/\/derecho.uprrp.edu\/revistajuridica\/volumenes\/revista-juridica-upr\/volumen-83-numero-4\/","title":{"rendered":"Volumen 83-N\u00famero 4"},"content":{"rendered":"<ul id=\"lcp_instance_0\" class=\"lcp_catlist\">\n<li>\n<h5 class=\"lcp_title\"><a href=\"https:\/\/derecho.uprrp.edu\/revistajuridica\/wp-content\/uploads\/sites\/4\/2016\/11\/83-REV-JUR-1387.pdf\" target=\"_blank\" rel=\"noopener\">Sigfrido Steidel Figueroa, La presidencia del juez Federico Hern\u00e1ndez Denton y la cooperaci\u00f3n judicial internacional, 83 REV. JUR. UPR 1387 (2014).<\/a><\/h5>\n<\/li>\n<li>\n<h5 class=\"lcp_title\"><a href=\"https:\/\/derecho.uprrp.edu\/revistajuridica\/wp-content\/uploads\/sites\/4\/2016\/11\/83-REV-JUR-1371.pdf\" target=\"_blank\" rel=\"noopener\">Sylmarie Arizmendi, El Derecho al servicio de la realidad: Visi\u00f3n pragm\u00e1tica del honorable Juez Presidente en el campo del Derecho Laboral privado, 83 REV. JUR. UPR 1371 (2014).<\/a><\/h5>\n<\/li>\n<li>\n<h5 class=\"lcp_title\"><a href=\"https:\/\/derecho.uprrp.edu\/revistajuridica\/wp-content\/uploads\/sites\/4\/2016\/11\/83-REV-JUR-1355.pdf\" target=\"_blank\" rel=\"noopener\">Juan Jos\u00e9 Hern\u00e1ndez L\u00f3pez de Victoria, Contratos especiales: Una nota en defensa del legado interpretativo de Federico Hern\u00e1ndez Denton en cuanto al contrato de fianza, 83 REV. JUR. UPR 1355 (2014).<\/a><\/h5>\n<\/li>\n<li>\n<h5 class=\"lcp_title\"><a href=\"https:\/\/derecho.uprrp.edu\/revistajuridica\/wp-content\/uploads\/sites\/4\/2016\/11\/83-REV-JUR-1339.pdf\" target=\"_blank\" rel=\"noopener\">Leonardo M. Aldridge, Las protecciones constitucionales contra registros y allanamientos en la jurisprudencia del juez presidente Federico Hern\u00e1ndez Denton, 83 REV. JUR. UPR 1339 (2014).<\/a><\/h5>\n<\/li>\n<li>\n<h5 class=\"lcp_title\"><a href=\"https:\/\/derecho.uprrp.edu\/revistajuridica\/wp-content\/uploads\/sites\/4\/2016\/11\/83-REV-JUR-1299.pdf\" target=\"_blank\" rel=\"noopener\">Luis Zambrana, Legado del juez presidente Hern\u00e1ndez Denton en t\u00f3picos neur\u00e1lgicos de nuestro Derecho Procesal Penal, 83 REV. JUR. UPR 1299 (2014).<\/a><\/h5>\n<\/li>\n<li>\n<h5 class=\"lcp_title\"><a href=\"https:\/\/derecho.uprrp.edu\/revistajuridica\/wp-content\/uploads\/sites\/4\/2016\/11\/83-REV-JUR-1285.pdf\" target=\"_blank\" rel=\"noopener\">Vivian I. Neptune Rivera, Los actos previos y la prueba de car\u00e1cter: Aportaciones del juez presidente Hern\u00e1ndez Denton a la liberalizaci\u00f3n de la regla de exclusi\u00f3n, 83 REV. JUR. UPR 1285 (2014).<\/a><\/h5>\n<\/li>\n<li>\n<h5 class=\"lcp_title\"><a href=\"https:\/\/derecho.uprrp.edu\/revistajuridica\/wp-content\/uploads\/sites\/4\/2016\/11\/83-REV-JUR-1265.pdf\" target=\"_blank\" rel=\"noopener\">Mayt\u00e9 N. Rivera Rodr\u00edguez, La jurisprudencia del juez presidente Federico Hern\u00e1ndez Denton sobre \u00e9tica y conducta profesional, 83 REV. JUR. UPR 1265 (2014).<\/a><\/h5>\n<\/li>\n<li>\n<h5 class=\"lcp_title\"><a href=\"https:\/\/derecho.uprrp.edu\/revistajuridica\/wp-content\/uploads\/sites\/4\/2016\/11\/83-REV-JUR-1243.pdf\" target=\"_blank\" rel=\"noopener\">Cristina Guerra C\u00e1ceres &amp; Larissa Ortiz Modestti, La dignidad del silencio: La \u00e9tica judicial en la corte Hern\u00e1ndez Denton, 83 REV. JUR. UPR 1243 (2014).<\/a><\/h5>\n<\/li>\n<li>\n<h5 class=\"lcp_title\"><a href=\"https:\/\/derecho.uprrp.edu\/revistajuridica\/wp-content\/uploads\/sites\/4\/2016\/11\/83-REV-JUR-1231.pdf\" target=\"_blank\" rel=\"noopener\">Enrique Silva Avil\u00e9s, Cualidades necesarias para dispensar justicia apelativa, 83 REV. JUR. UPR 1231 (2014).<\/a><\/h5>\n<\/li>\n<li>\n<h5 class=\"lcp_title\"><a href=\"https:\/\/derecho.uprrp.edu\/revistajuridica\/wp-content\/uploads\/sites\/4\/2016\/11\/83-REV-JUR-1209.pdf\" target=\"_blank\" rel=\"noopener\">Keila D\u00edaz Morales, La contribuci\u00f3n del Juez Presidente, honorable Federico Hern\u00e1ndez Denton, a la doctrina de legitimaci\u00f3n activa, 83 REV. JUR. UPR 1209 (2014).<\/a><\/h5>\n<\/li>\n<\/ul>\n","protected":false},"excerpt":{"rendered":"<p>Sigfrido Steidel Figueroa, La presidencia del juez Federico Hern\u00e1ndez Denton y la cooperaci\u00f3n judicial internacional, 83 REV. JUR. UPR 1387 (2014). Sylmarie Arizmendi, El Derecho al servicio de la realidad: Visi\u00f3n pragm\u00e1tica del honorable Juez Presidente en el campo del Derecho Laboral privado, 83 REV. JUR. UPR 1371 (2014). Juan Jos\u00e9 Hern\u00e1ndez L\u00f3pez de Victoria,<\/p>\n<div class=\"read-more\"><a href=\"https:\/\/derecho.uprrp.edu\/revistajuridica\/volumenes\/revista-juridica-upr\/volumen-83-numero-4\/\" title=\"Read More\">Read More<\/a><\/div>\n","protected":false},"author":17,"featured_media":0,"parent":616,"menu_order":0,"comment_status":"closed","ping_status":"closed","template":"","meta":{"footnotes":""},"class_list":["post-2511","page","type-page","status-publish"],"_links":{"self":[{"href":"https:\/\/derecho.uprrp.edu\/revistajuridica\/wp-json\/wp\/v2\/pages\/2511","targetHints":{"allow":["GET"]}}],"collection":[{"href":"https:\/\/derecho.uprrp.edu\/revistajuridica\/wp-json\/wp\/v2\/pages"}],"about":[{"href":"https:\/\/derecho.uprrp.edu\/revistajuridica\/wp-json\/wp\/v2\/types\/page"}],"author":[{"embeddable":true,"href":"https:\/\/derecho.uprrp.edu\/revistajuridica\/wp-json\/wp\/v2\/users\/17"}],"replies":[{"embeddable":true,"href":"https:\/\/derecho.uprrp.edu\/revistajuridica\/wp-json\/wp\/v2\/comments?post=2511"}],"version-history":[{"count":3,"href":"https:\/\/derecho.uprrp.edu\/revistajuridica\/wp-json\/wp\/v2\/pages\/2511\/revisions"}],"predecessor-version":[{"id":6408,"href":"https:\/\/derecho.uprrp.edu\/revistajuridica\/wp-json\/wp\/v2\/pages\/2511\/revisions\/6408"}],"up":[{"embeddable":true,"href":"https:\/\/derecho.uprrp.edu\/revistajuridica\/wp-json\/wp\/v2\/pages\/616"}],"wp:attachment":[{"href":"https:\/\/derecho.uprrp.edu\/revistajuridica\/wp-json\/wp\/v2\/media?parent=2511"}],"curies":[{"name":"wp","href":"https:\/\/api.w.org\/{rel}","templated":true}]}}