{"id":2515,"date":"2017-05-28T13:51:44","date_gmt":"2017-05-28T17:51:44","guid":{"rendered":"http:\/\/revistajuridica.uprrp.edu\/?page_id=2515"},"modified":"2022-06-23T19:56:33","modified_gmt":"2022-06-23T19:56:33","slug":"volumen-82-numero-2","status":"publish","type":"page","link":"https:\/\/derecho.uprrp.edu\/revistajuridica\/volumenes\/revista-juridica-upr\/volumen-82-numero-2\/","title":{"rendered":"Volumen 82-N\u00famero 2"},"content":{"rendered":"<ul id=\"lcp_instance_0\" class=\"lcp_catlist\">\n<li>\n<h5 class=\"lcp_title\"><a href=\"https:\/\/derecho.uprrp.edu\/revistajuridica\/wp-content\/uploads\/sites\/4\/2016\/12\/18.Hipotecario.Gomez_.82.2.pdf\" target=\"_blank\" rel=\"noopener\">Ana C. G\u00f3mez P\u00e9rez, Derecho Registral Inmobiliario, 82 REV. JUR. UPR 663 (2013).<\/a><\/h5>\n<\/li>\n<li>\n<h5 class=\"lcp_title\"><a href=\"https:\/\/derecho.uprrp.edu\/revistajuridica\/wp-content\/uploads\/sites\/4\/2016\/12\/17.Sucesiones.Gomez_.82.2.pdf\" target=\"_blank\" rel=\"noopener\">Bel\u00e9n M. Guerrero Calder\u00f3n, Derecho de Sucesiones, 82 REV. JUR. UPR 645 (2013).<\/a><\/h5>\n<\/li>\n<li>\n<h5 class=\"lcp_title\"><a href=\"https:\/\/derecho.uprrp.edu\/revistajuridica\/wp-content\/uploads\/sites\/4\/2016\/12\/16.Familia.Gomez_.82.2.pdf\" target=\"_blank\" rel=\"noopener\">Ana Cristina G\u00f3mez &amp; Gustavo Torres Viero, Derecho de Familia, 82 REV. JUR. UPR 635 (2013).<\/a><\/h5>\n<\/li>\n<li>\n<h5 class=\"lcp_title\"><a href=\"https:\/\/derecho.uprrp.edu\/revistajuridica\/wp-content\/uploads\/sites\/4\/2016\/12\/15.Laboral.Sanabria.82.2.pdf\" target=\"_blank\" rel=\"noopener\">Jaime L. Sanabria &amp; Bettina Zeno, Derecho Laboral, 82 REV. JUR. UPR 605 (2013).<\/a><\/h5>\n<\/li>\n<li>\n<h5 class=\"lcp_title\"><a href=\"https:\/\/derecho.uprrp.edu\/revistajuridica\/wp-content\/uploads\/sites\/4\/2016\/12\/14.Corporaciones.DiazOlivo.82.2.pdf\" target=\"_blank\" rel=\"noopener\">Carlos Diaz Olivo, Derecho Corporativo, 82 REV. JUR. UPR 573 (2013).<\/a><\/h5>\n<\/li>\n<li>\n<h5 class=\"lcp_title\"><a href=\"https:\/\/derecho.uprrp.edu\/revistajuridica\/wp-content\/uploads\/sites\/4\/2016\/12\/13.Tributario.Mendez.82.2.2.pdf\" target=\"_blank\" rel=\"noopener\">Juan Carlos M\u00e9ndez, Derecho Tributario, 82 REV. JUR. UPR 557 (2013).<\/a><\/h5>\n<\/li>\n<li>\n<h5 class=\"lcp_title\"><a href=\"https:\/\/derecho.uprrp.edu\/revistajuridica\/wp-content\/uploads\/sites\/4\/2016\/12\/12.Etica_.Figueroa.82.2.pdf\" target=\"_blank\" rel=\"noopener\">Guillermo Figueroa Prieto, Reglamentaci\u00f3n de la profesi\u00f3n legal, 82 REV. JUR. UPR 519 (2013).<\/a><\/h5>\n<\/li>\n<li>\n<h5 class=\"lcp_title\"><a href=\"https:\/\/derecho.uprrp.edu\/revistajuridica\/wp-content\/uploads\/sites\/4\/2016\/12\/11.Notarial.Guerrero.82.2.pdf\" target=\"_blank\" rel=\"noopener\">Bel\u00e9n Guerrero, Derecho Notarial, 82 REV. JUR. UPR 501 (2013).<\/a><\/h5>\n<\/li>\n<li>\n<h5 class=\"lcp_title\"><a href=\"https:\/\/derecho.uprrp.edu\/revistajuridica\/wp-content\/uploads\/sites\/4\/2016\/12\/10.Extracontractual.Alvarez.82.2.pdf\" target=\"_blank\" rel=\"noopener\">Jos\u00e9 Juli\u00e1n \u00c1lvarez, Responsabilidad Civil Extracontractual, 82 REV. JUR. UPR 497 (2013).<\/a><\/h5>\n<\/li>\n<li>\n<h5 class=\"lcp_title\"><a href=\"https:\/\/derecho.uprrp.edu\/revistajuridica\/wp-content\/uploads\/sites\/4\/2016\/12\/9.Obligaciones.Alomar.82.2.pdf\" target=\"_blank\" rel=\"noopener\">Walter O. Alomar Jim\u00e9nez et al., Obligaciones y Contratos, 82 REV. JUR. UPR 479 (2013).<\/a><\/h5>\n<\/li>\n<li>\n<h5 class=\"lcp_title\"><a href=\"https:\/\/derecho.uprrp.edu\/revistajuridica\/wp-content\/uploads\/sites\/4\/2016\/12\/8.Reales.Arguelles.82.2.pdf\" target=\"_blank\" rel=\"noopener\">Luis Mu\u00f1iz Arg\u00fcelles &amp; Alfonso J. Cuesta Camu\u00f1as, Derechos Reales, 82 REV. JUR. UPR 463 (2013).<\/a><\/h5>\n<\/li>\n<li>\n<h5 class=\"lcp_title\"><a href=\"https:\/\/derecho.uprrp.edu\/revistajuridica\/wp-content\/uploads\/sites\/4\/2016\/12\/7.Derecho-Probarotio.Neptune.82.2.pdf\" target=\"_blank\" rel=\"noopener\">Vivian I. Neptune Rivera, Derecho Probatorio, 82 REV. JUR. UPR 445 (2013).<\/a><\/h5>\n<\/li>\n<li>\n<h5 class=\"lcp_title\"><a href=\"https:\/\/derecho.uprrp.edu\/revistajuridica\/wp-content\/uploads\/sites\/4\/2016\/12\/6.ProcesalPenal.Chiesa.82.2.pdf\" target=\"_blank\" rel=\"noopener\">Ernesto L. Chiesa Aponte, Derecho Procesal Penal, 82 REV. JUR. UPR 413 (2013).<\/a><\/h5>\n<\/li>\n<li>\n<h5 class=\"lcp_title\"><a href=\"https:\/\/derecho.uprrp.edu\/revistajuridica\/wp-content\/uploads\/sites\/4\/2016\/12\/5.PenalSustantivo.Miller.82.2.2.pdf\" target=\"_blank\" rel=\"noopener\">Oscar Miranda Miller, Derecho Penal Sustantivo, 82 REV. JUR. UPR 377 (2013).<\/a><\/h5>\n<\/li>\n<li>\n<h5 class=\"lcp_title\"><a href=\"https:\/\/derecho.uprrp.edu\/revistajuridica\/wp-content\/uploads\/sites\/4\/2016\/12\/4.Apelativo.Asencio.82.2.pdf\" target=\"_blank\" rel=\"noopener\">Luis Jos\u00e9 Torres Asencio &amp; Jos\u00e9 Mar\u00eda Viggiano, Derecho Procesal Apelativo, 82 REV. JUR. UPR 345 (2013).<\/a><\/h5>\n<\/li>\n<li>\n<h5 class=\"lcp_title\"><a href=\"https:\/\/derecho.uprrp.edu\/revistajuridica\/wp-content\/uploads\/sites\/4\/2016\/12\/3.ProcesalCivil.Matanzo.82.2.pdf\" target=\"_blank\" rel=\"noopener\">Ana Matanzo Vicens &amp; Roc\u00edo de F\u00e9lix, Derecho Procesal Civil, 82 REV. JUR. UPR 309 (2013).<\/a><\/h5>\n<\/li>\n<\/ul>\n","protected":false},"excerpt":{"rendered":"<p>Ana C. G\u00f3mez P\u00e9rez, Derecho Registral Inmobiliario, 82 REV. JUR. UPR 663 (2013). Bel\u00e9n M. Guerrero Calder\u00f3n, Derecho de Sucesiones, 82 REV. JUR. UPR 645 (2013). Ana Cristina G\u00f3mez &amp; Gustavo Torres Viero, Derecho de Familia, 82 REV. JUR. UPR 635 (2013). Jaime L. Sanabria &amp; Bettina Zeno, Derecho Laboral, 82 REV. JUR. UPR 605<\/p>\n<div class=\"read-more\"><a href=\"https:\/\/derecho.uprrp.edu\/revistajuridica\/volumenes\/revista-juridica-upr\/volumen-82-numero-2\/\" title=\"Read More\">Read More<\/a><\/div>\n","protected":false},"author":17,"featured_media":0,"parent":616,"menu_order":0,"comment_status":"closed","ping_status":"closed","template":"","meta":{"footnotes":""},"class_list":["post-2515","page","type-page","status-publish"],"_links":{"self":[{"href":"https:\/\/derecho.uprrp.edu\/revistajuridica\/wp-json\/wp\/v2\/pages\/2515","targetHints":{"allow":["GET"]}}],"collection":[{"href":"https:\/\/derecho.uprrp.edu\/revistajuridica\/wp-json\/wp\/v2\/pages"}],"about":[{"href":"https:\/\/derecho.uprrp.edu\/revistajuridica\/wp-json\/wp\/v2\/types\/page"}],"author":[{"embeddable":true,"href":"https:\/\/derecho.uprrp.edu\/revistajuridica\/wp-json\/wp\/v2\/users\/17"}],"replies":[{"embeddable":true,"href":"https:\/\/derecho.uprrp.edu\/revistajuridica\/wp-json\/wp\/v2\/comments?post=2515"}],"version-history":[{"count":2,"href":"https:\/\/derecho.uprrp.edu\/revistajuridica\/wp-json\/wp\/v2\/pages\/2515\/revisions"}],"predecessor-version":[{"id":6331,"href":"https:\/\/derecho.uprrp.edu\/revistajuridica\/wp-json\/wp\/v2\/pages\/2515\/revisions\/6331"}],"up":[{"embeddable":true,"href":"https:\/\/derecho.uprrp.edu\/revistajuridica\/wp-json\/wp\/v2\/pages\/616"}],"wp:attachment":[{"href":"https:\/\/derecho.uprrp.edu\/revistajuridica\/wp-json\/wp\/v2\/media?parent=2515"}],"curies":[{"name":"wp","href":"https:\/\/api.w.org\/{rel}","templated":true}]}}