{"id":2680,"date":"2017-07-05T19:24:50","date_gmt":"2017-07-05T23:24:50","guid":{"rendered":"http:\/\/revistajuridica.uprrp.edu\/?page_id=2680"},"modified":"2022-06-22T21:11:25","modified_gmt":"2022-06-22T21:11:25","slug":"volumen-87-numero-3","status":"publish","type":"page","link":"https:\/\/derecho.uprrp.edu\/revistajuridica\/volumen-87-numero-3\/","title":{"rendered":"Volumen 87-N\u00famero 3"},"content":{"rendered":"<ul id=\"lcp_instance_0\" class=\"lcp_catlist\">\n<li>\n<h5 class=\"lcp_title\"><a href=\"https:\/\/derecho.uprrp.edu\/revistajuridica\/wp-content\/uploads\/sites\/4\/2018\/06\/01-Autogestion.pdf\" target=\"_blank\" rel=\"noopener\">De la autogesti\u00f3n a la insurgencia energ\u00e9tica: Una historia de supervivencia, resistencia y gobernanza comunitaria<\/a><\/h5>\n<div class=\"lcp_excerpt\">Arturo Massol Dey\u00e1, 87 Rev. Jur. UPR 648 (2018).<\/div>\n<p><a class=\"lcp_morelink\" href=\"https:\/\/derecho.uprrp.edu\/revistajuridica\/wp-content\/uploads\/sites\/4\/2018\/06\/01-Autogestion.pdf\" target=\"_blank\" rel=\"noopener\">Art\u00edculo en PDF<\/a><\/li>\n<\/ul>\n<ul id=\"lcp_instance_0\" class=\"lcp_catlist\">\n<li>\n<h5 class=\"lcp_title\"><a href=\"https:\/\/derecho.uprrp.edu\/revistajuridica\/wp-content\/uploads\/sites\/4\/2018\/06\/02-Democracy-in-times-of-austerity-1.pdf\" target=\"_blank\" rel=\"noopener\">The Imperative of Democracy in Times of Austerity<\/a><\/h5>\n<div class=\"lcp_excerpt\">Michelle Wilde Anderson, 87 Rev. Jur. UPR 655 (2018).<\/div>\n<p><a class=\"lcp_morelink\" href=\"https:\/\/derecho.uprrp.edu\/revistajuridica\/wp-content\/uploads\/sites\/4\/2018\/06\/02-Democracy-in-times-of-austerity-1.pdf\" target=\"_blank\" rel=\"noopener\">Art\u00edculo en PDF<\/a><\/li>\n<\/ul>\n<ul id=\"lcp_instance_0\" class=\"lcp_catlist\">\n<li>\n<h5 class=\"lcp_title\"><a href=\"https:\/\/derecho.uprrp.edu\/revistajuridica\/wp-content\/uploads\/sites\/4\/2018\/06\/03-Desastres-en-Puerto-Rico-1.pdf\" target=\"_blank\" rel=\"noopener\">Desastres en Puerto Rico: Precedentes, marco legal y asistencia gubernamental<\/a><\/h5>\n<div class=\"lcp_excerpt\">Juli\u00e1n M. Caraballo Clemente, 87 Rev. Jur. UPR 677 (2018).<\/div>\n<p><a class=\"lcp_morelink\" href=\"https:\/\/derecho.uprrp.edu\/revistajuridica\/wp-content\/uploads\/sites\/4\/2018\/06\/03-Desastres-en-Puerto-Rico-1.pdf\" target=\"_blank\" rel=\"noopener\">Art\u00edculo en PDF<\/a><\/li>\n<\/ul>\n<ul id=\"lcp_instance_0\" class=\"lcp_catlist\">\n<li>\n<h5 class=\"lcp_title\"><a href=\"https:\/\/derecho.uprrp.edu\/revistajuridica\/wp-content\/uploads\/sites\/4\/2018\/06\/04-Disaster-law-and-policy-1.pdf\" target=\"_blank\" rel=\"noopener\">Response and Recovery after Mar\u00eda: Lessons for Disaster Law and Policy<\/a><\/h5>\n<div class=\"lcp_excerpt\">Daniel Farber, 87 Rev. Jur. UPR 743 (2018).<\/div>\n<p><a class=\"lcp_morelink\" href=\"https:\/\/derecho.uprrp.edu\/revistajuridica\/wp-content\/uploads\/sites\/4\/2018\/06\/04-Disaster-law-and-policy-1.pdf\" target=\"_blank\" rel=\"noopener\">Art\u00edculo en PDF<\/a><\/li>\n<\/ul>\n<ul id=\"lcp_instance_0\" class=\"lcp_catlist\">\n<li>\n<h5 class=\"lcp_title\"><a href=\"https:\/\/derecho.uprrp.edu\/revistajuridica\/wp-content\/uploads\/sites\/4\/2018\/06\/05-Derechos-humanos-1.pdf\" target=\"_blank\" rel=\"noopener\">La protecci\u00f3n de derechos humanos como imperativo ante la coyuntura de desastres naturales y desigualdad socioecon\u00f3mica: Mirada a Puerto Rico tras el hurac\u00e1n Mar\u00eda<\/a><\/h5>\n<div class=\"lcp_excerpt\">Luis E. Rodr\u00edguez Rivera, 87 Rev. Jur. UPR 772 (2018).<\/div>\n<p><a class=\"lcp_morelink\" href=\"https:\/\/derecho.uprrp.edu\/revistajuridica\/wp-content\/uploads\/sites\/4\/2018\/06\/05-Derechos-humanos-1.pdf\" target=\"_blank\" rel=\"noopener\">Art\u00edculo en PDF<\/a><\/li>\n<\/ul>\n<ul id=\"lcp_instance_0\" class=\"lcp_catlist\">\n<li>\n<h5 class=\"lcp_title\"><a href=\"https:\/\/derecho.uprrp.edu\/revistajuridica\/wp-content\/uploads\/sites\/4\/2018\/06\/06-Rama-Judicial-1.pdf\" target=\"_blank\" rel=\"noopener\">Emergencia y respuesta judicial: El poder judicial de Puerto Rico ante el hurac\u00e1n Mar\u00eda<\/a><\/h5>\n<div class=\"lcp_excerpt\">Hon. Sigfrido Steidel Figueroa, 87 Rev. Jur. UPR 789 (2018).<\/div>\n<p><a class=\"lcp_morelink\" href=\"https:\/\/derecho.uprrp.edu\/revistajuridica\/wp-content\/uploads\/sites\/4\/2018\/06\/06-Rama-Judicial-1.pdf\" target=\"_blank\" rel=\"noopener\">Art\u00edculo en PDF<\/a><\/li>\n<\/ul>\n<ul id=\"lcp_instance_0\" class=\"lcp_catlist\">\n<li>\n<h5 class=\"lcp_title\"><a href=\"https:\/\/derecho.uprrp.edu\/revistajuridica\/wp-content\/uploads\/sites\/4\/2018\/06\/07-Ante-la-crisis-y-el-sueno.pdf\" target=\"_blank\" rel=\"noopener\">Ante la crisis y el sue\u00f1o del desarrollo<\/a><\/h5>\n<div class=\"lcp_excerpt\">Francisco Catal\u00e1, 87 Rev. Jur. UPR 809 (2018).<\/div>\n<p><a class=\"lcp_morelink\" href=\"https:\/\/derecho.uprrp.edu\/revistajuridica\/wp-content\/uploads\/sites\/4\/2018\/06\/07-Ante-la-crisis-y-el-sueno.pdf\" target=\"_blank\" rel=\"noopener\">Art\u00edculo en PDF<\/a><\/li>\n<\/ul>\n<ul id=\"lcp_instance_0\" class=\"lcp_catlist\">\n<li>\n<h5 class=\"lcp_title\"><a href=\"https:\/\/derecho.uprrp.edu\/revistajuridica\/wp-content\/uploads\/sites\/4\/2018\/06\/08-Reestructuracion.pdf\" target=\"_blank\" rel=\"noopener\">La reestructuraci\u00f3n de la deuda como respuesta a la crisis fiscal de Puerto Rico y la recuperaci\u00f3n luego del hurac\u00e1n Mar\u00eda<\/a><\/h5>\n<div class=\"lcp_excerpt\">Melba I. Acosta Febo, 87 Rev. Jur. UPR 821 (2018).<\/div>\n<p><a class=\"lcp_morelink\" href=\"https:\/\/derecho.uprrp.edu\/revistajuridica\/wp-content\/uploads\/sites\/4\/2018\/06\/08-Reestructuracion.pdf\" target=\"_blank\" rel=\"noopener\">Art\u00edculo en PDF<\/a><\/li>\n<\/ul>\n<ul id=\"lcp_instance_0\" class=\"lcp_catlist\">\n<li>\n<h5 class=\"lcp_title\"><a href=\"https:\/\/derecho.uprrp.edu\/revistajuridica\/wp-content\/uploads\/sites\/4\/2018\/06\/09-2-years-of-PROMESA-1.pdf\" target=\"_blank\" rel=\"noopener\">Reflections on Two Years of P.R.O.M.E.S.A.<\/a><\/h5>\n<div class=\"lcp_excerpt\">David Skeel, 87 Rev. Jur. UPR 862 (2018).<\/div>\n<p><a class=\"lcp_morelink\" href=\"https:\/\/derecho.uprrp.edu\/revistajuridica\/wp-content\/uploads\/sites\/4\/2018\/06\/09-2-years-of-PROMESA-1.pdf\" target=\"_blank\" rel=\"noopener\">Art\u00edculo en PDF<\/a><\/li>\n<\/ul>\n<ul id=\"lcp_instance_0\" class=\"lcp_catlist\">\n<li>\n<h5 class=\"lcp_title\"><a href=\"https:\/\/derecho.uprrp.edu\/revistajuridica\/wp-content\/uploads\/sites\/4\/2018\/06\/10-Titulo-V.pdf\" target=\"_blank\" rel=\"noopener\">El T\u00edtulo V de P.R.O.M.E.S.A. y su impacto en la agenda de reconstrucci\u00f3n de Puerto Rico<\/a><\/h5>\n<div class=\"lcp_excerpt\">Hiram J. L\u00f3pez Rodr\u00edguez, 87 Rev. Jur. 885 (2018).<\/div>\n<p><a class=\"lcp_morelink\" href=\"https:\/\/derecho.uprrp.edu\/revistajuridica\/wp-content\/uploads\/sites\/4\/2018\/06\/10-Titulo-V.pdf\" target=\"_blank\" rel=\"noopener\">Art\u00edculo en PDF<\/a><\/li>\n<\/ul>\n<ul id=\"lcp_instance_0\" class=\"lcp_catlist\">\n<li>\n<h5 class=\"lcp_title\"><a href=\"https:\/\/derecho.uprrp.edu\/revistajuridica\/wp-content\/uploads\/sites\/4\/2018\/06\/11-UPR-1.pdf\" target=\"_blank\" rel=\"noopener\">Crisis, planes fiscales y la Universidad de Puerto Rico<\/a><\/h5>\n<div class=\"lcp_excerpt\">Carlos A. Col\u00f3n de Armas, 87 Rev. Jur. UPR 903 (2018).<\/div>\n<p><a class=\"lcp_morelink\" href=\"https:\/\/derecho.uprrp.edu\/revistajuridica\/wp-content\/uploads\/sites\/4\/2018\/06\/11-UPR-1.pdf\" target=\"_blank\" rel=\"noopener\">Art\u00edculo en PDF<\/a><\/li>\n<\/ul>\n<ul id=\"lcp_instance_0\" class=\"lcp_catlist\">\n<li>\n<h5 class=\"lcp_title\"><a href=\"https:\/\/derecho.uprrp.edu\/revistajuridica\/wp-content\/uploads\/sites\/4\/2018\/06\/12-Sharing-Economy-1.pdf\" target=\"_blank\" rel=\"noopener\">For A New Economy, Puerto Rico Needs a Sharing Mindset<\/a><\/h5>\n<div class=\"lcp_excerpt\">Alexiomar D. Rodr\u00edguez-L\u00f3pez, 87 Rev. Jur. UPR 938 (2018).<\/div>\n<p><a class=\"lcp_morelink\" href=\"https:\/\/derecho.uprrp.edu\/revistajuridica\/wp-content\/uploads\/sites\/4\/2018\/06\/12-Sharing-Economy-1.pdf\" target=\"_blank\" rel=\"noopener\">Art\u00edculo en PDF<\/a><\/li>\n<\/ul>\n<ul id=\"lcp_instance_0\" class=\"lcp_catlist\">\n<li>\n<h5 class=\"lcp_title\"><a href=\"https:\/\/derecho.uprrp.edu\/revistajuridica\/wp-content\/uploads\/sites\/4\/2018\/06\/13-Yo-soy-boricua-1.pdf\" target=\"_blank\" rel=\"noopener\">\u201cYo Soy Boricua\u201d: Tapping into the Strength of the Puerto Rican Community to Reclaim Control over its Political, Social and Economic Future<\/a><\/h5>\n<div class=\"lcp_excerpt\">Eamon J.P. Riley, David J. Yovanoff &amp; Jonathan J. Reyes Col\u00f3n, 87 Rev. Jur. UPR 972 (2018).<\/div>\n<p><a class=\"lcp_morelink\" href=\"https:\/\/derecho.uprrp.edu\/revistajuridica\/wp-content\/uploads\/sites\/4\/2018\/06\/13-Yo-soy-boricua-1.pdf\" target=\"_blank\" rel=\"noopener\">Art\u00edculo en PDF<\/a><\/li>\n<\/ul>\n<ul id=\"lcp_instance_0\" class=\"lcp_catlist\">\n<li>\n<h5 class=\"lcp_title\"><a href=\"https:\/\/derecho.uprrp.edu\/revistajuridica\/wp-content\/uploads\/sites\/4\/2018\/06\/14-Titularidad-propietaria-1.pdf\" target=\"_blank\" rel=\"noopener\">La titularidad propietaria: Su formalidad opresiva en un Puerto Rico post-Mar\u00eda<\/a><\/h5>\n<div class=\"lcp_excerpt\">Jos\u00e9 Ocasio, 87 Rev. Jur. UPR 1021 (2018).<\/div>\n<p><a class=\"lcp_morelink\" href=\"https:\/\/derecho.uprrp.edu\/revistajuridica\/wp-content\/uploads\/sites\/4\/2018\/06\/14-Titularidad-propietaria-1.pdf\" target=\"_blank\" rel=\"noopener\">Art\u00edculo en PDF<\/a><\/li>\n<\/ul>\n<ul id=\"lcp_instance_0\" class=\"lcp_catlist\">\n<li>\n<h5 class=\"lcp_title\"><a href=\"https:\/\/derecho.uprrp.edu\/revistajuridica\/wp-content\/uploads\/sites\/4\/2018\/06\/15-Informe-deuda-1.pdf\" target=\"_blank\" rel=\"noopener\">An\u00e1lisis del alivio de deuda necesario para restaurar la sostenibilidad de la deuda de Puerto Rico<\/a><\/h5>\n<div class=\"lcp_excerpt\">Pablo Gluzmann, Mart\u00edn Guzm\u00e1n &amp; Joseph E. Stiglitz, 87 Rev. Jur. UPR 1047 (2018).<\/div>\n<p><a class=\"lcp_morelink\" href=\"https:\/\/derecho.uprrp.edu\/revistajuridica\/wp-content\/uploads\/sites\/4\/2018\/06\/15-Informe-deuda-1.pdf\" target=\"_blank\" rel=\"noopener\">Art\u00edculo en PDF<\/a><\/li>\n<\/ul>\n","protected":false},"excerpt":{"rendered":"<p>De la autogesti\u00f3n a la insurgencia energ\u00e9tica: Una historia de supervivencia, resistencia y gobernanza comunitaria Arturo Massol Dey\u00e1, 87 Rev. Jur. UPR 648 (2018). Art\u00edculo en PDF The Imperative of Democracy in Times of Austerity Michelle Wilde Anderson, 87 Rev. Jur. UPR 655 (2018). Art\u00edculo en PDF Desastres en Puerto Rico: Precedentes, marco legal y<\/p>\n<div class=\"read-more\"><a href=\"https:\/\/derecho.uprrp.edu\/revistajuridica\/volumen-87-numero-3\/\" title=\"Read More\">Read More<\/a><\/div>\n","protected":false},"author":17,"featured_media":0,"parent":0,"menu_order":0,"comment_status":"closed","ping_status":"closed","template":"","meta":{"footnotes":""},"class_list":["post-2680","page","type-page","status-publish"],"_links":{"self":[{"href":"https:\/\/derecho.uprrp.edu\/revistajuridica\/wp-json\/wp\/v2\/pages\/2680","targetHints":{"allow":["GET"]}}],"collection":[{"href":"https:\/\/derecho.uprrp.edu\/revistajuridica\/wp-json\/wp\/v2\/pages"}],"about":[{"href":"https:\/\/derecho.uprrp.edu\/revistajuridica\/wp-json\/wp\/v2\/types\/page"}],"author":[{"embeddable":true,"href":"https:\/\/derecho.uprrp.edu\/revistajuridica\/wp-json\/wp\/v2\/users\/17"}],"replies":[{"embeddable":true,"href":"https:\/\/derecho.uprrp.edu\/revistajuridica\/wp-json\/wp\/v2\/comments?post=2680"}],"version-history":[{"count":3,"href":"https:\/\/derecho.uprrp.edu\/revistajuridica\/wp-json\/wp\/v2\/pages\/2680\/revisions"}],"predecessor-version":[{"id":6719,"href":"https:\/\/derecho.uprrp.edu\/revistajuridica\/wp-json\/wp\/v2\/pages\/2680\/revisions\/6719"}],"wp:attachment":[{"href":"https:\/\/derecho.uprrp.edu\/revistajuridica\/wp-json\/wp\/v2\/media?parent=2680"}],"curies":[{"name":"wp","href":"https:\/\/api.w.org\/{rel}","templated":true}]}}