{"id":541,"date":"2016-05-03T21:15:03","date_gmt":"2016-05-03T21:15:03","guid":{"rendered":"http:\/\/revistajuridica.uprrp.edu\/wp\/?page_id=541"},"modified":"2022-07-01T13:49:40","modified_gmt":"2022-07-01T13:49:40","slug":"historia","status":"publish","type":"page","link":"https:\/\/derecho.uprrp.edu\/revistajuridica\/nosotros\/historia\/","title":{"rendered":"Historia"},"content":{"rendered":"<p>La Revista Jur\u00eddica de la Universidad de Puerto Rico se fund\u00f3 en el 1931 y desde sus or\u00edgenes ha sido una publicaci\u00f3n dirigida por estudiantes de la Escuela de Derecho. El primer n\u00famero de la Revista Jur\u00eddica se public\u00f3 en marzo de 1932, por lo que es la publicaci\u00f3n jur\u00eddica de m\u00e1s envergadura en el Derecho puertorrique\u00f1o. Este proyecto fue producto de la idea de dos j\u00f3venes estudiantes de Derecho, Manuel Rodr\u00edguez Ramos y Manuel Garc\u00eda Cabrera. Ambos estudiantes, con gran vocaci\u00f3n en asuntos jur\u00eddicos y culturales, ten\u00edan un peculiar inter\u00e9s en publicar sus escritos. Es para el 1930, cuando estos dos estudiantes convencen a Eulogio Riera para comenzar los planes de fundar una revista jur\u00eddica y, para el 1931, se uni\u00f3 Gilberto Concepci\u00f3n de Gracia. La propuesta inicial indicaba que los estudiantes ser\u00edan los responsables de\u00a0 administrar, dirigir y editar la Revista Jur\u00eddica. El Decano Rafael Mart\u00ednez \u00c1lvarez recomend\u00f3 el asunto al Canciller de la Universidad, Carlos E. Chard\u00f3n quien respald\u00f3 la fundaci\u00f3n de la Revista Jur\u00eddica. Para finales del 1931, la Junta de S\u00edndico aprob\u00f3 el proyecto, pero con la condici\u00f3n que fueran los profesores quienes dirigieran la Revista. Con el Decano Mart\u00ednez \u00c1lvarez como \u00e1rbitro, se logr\u00f3 que los profesores estuvieran representados aunque la direcci\u00f3n estuviese a cargo de los estudiantes. En asamblea de estudiante se aprueban las sugerencias y as\u00ed se inici\u00f3 la larga y fruct\u00edfera existencia de la prestigiosa Revista Jur\u00eddica de la Universidad de Puerto Rico. Desde ese entonces,\u00a0la Revista Jur\u00eddica es una fuente de Derecho persuasiva de gran prestigio en el entorno jur\u00eddico.<\/p>\n<p>Para m\u00e1s informaci\u00f3n sobre la historia de la Revista Jur\u00eddica de la Universidad de Puerto Rico puede consultar estas referencias:<\/p>\n<p>1)\u00a0<a href=\"https:\/\/derecho.uprrp.edu\/revistajuridica\/wp-content\/uploads\/sites\/4\/2022\/06\/51-REV.-JUR.-U.P.R.-1-1982.pdf\" target=\"_blank\" rel=\"noopener\">Carmelo Delgado Cintr\u00f3n,\u00a0Los fundadores de la Revista Jur\u00eddica,\u00a051 Rev. Jur. UPR 2 (1982).<\/a><br \/>\n2)\u00a0<a href=\"https:\/\/derecho.uprrp.edu\/revistajuridica\/wp-content\/uploads\/sites\/4\/2022\/06\/15-REV.-JUR.-U.P.R.-41-1945.pdf\" target=\"_blank\" rel=\"noopener\">Editorial,\u00a015 Rev. Jur. UPR 41 (1945-46).<\/a><br \/>\n3)\u00a0<a href=\"https:\/\/derecho.uprrp.edu\/revistajuridica\/wp-content\/uploads\/sites\/4\/2022\/06\/40-REV.-JUR.-U.P.R.-7-1971.pdf\" target=\"_blank\" rel=\"noopener\">Liana Fiol Matta,\u00a0La Revista Jur\u00eddica: \u00bfEl Final de la Jornada?, 40 Rev. Jur. UPR 7 (1971).<\/a><\/p>\n","protected":false},"excerpt":{"rendered":"<p>La Revista Jur\u00eddica de la Universidad de Puerto Rico se fund\u00f3 en el 1931 y desde sus or\u00edgenes ha sido una publicaci\u00f3n dirigida por estudiantes de la Escuela de Derecho. El primer n\u00famero de la Revista Jur\u00eddica se public\u00f3 en marzo de 1932, por lo que es la publicaci\u00f3n jur\u00eddica de m\u00e1s envergadura en el<\/p>\n<div class=\"read-more\"><a href=\"https:\/\/derecho.uprrp.edu\/revistajuridica\/nosotros\/historia\/\" title=\"Read More\">Read More<\/a><\/div>\n","protected":false},"author":17,"featured_media":0,"parent":539,"menu_order":0,"comment_status":"closed","ping_status":"closed","template":"","meta":{"footnotes":""},"class_list":["post-541","page","type-page","status-publish"],"_links":{"self":[{"href":"https:\/\/derecho.uprrp.edu\/revistajuridica\/wp-json\/wp\/v2\/pages\/541","targetHints":{"allow":["GET"]}}],"collection":[{"href":"https:\/\/derecho.uprrp.edu\/revistajuridica\/wp-json\/wp\/v2\/pages"}],"about":[{"href":"https:\/\/derecho.uprrp.edu\/revistajuridica\/wp-json\/wp\/v2\/types\/page"}],"author":[{"embeddable":true,"href":"https:\/\/derecho.uprrp.edu\/revistajuridica\/wp-json\/wp\/v2\/users\/17"}],"replies":[{"embeddable":true,"href":"https:\/\/derecho.uprrp.edu\/revistajuridica\/wp-json\/wp\/v2\/comments?post=541"}],"version-history":[{"count":2,"href":"https:\/\/derecho.uprrp.edu\/revistajuridica\/wp-json\/wp\/v2\/pages\/541\/revisions"}],"predecessor-version":[{"id":6451,"href":"https:\/\/derecho.uprrp.edu\/revistajuridica\/wp-json\/wp\/v2\/pages\/541\/revisions\/6451"}],"up":[{"embeddable":true,"href":"https:\/\/derecho.uprrp.edu\/revistajuridica\/wp-json\/wp\/v2\/pages\/539"}],"wp:attachment":[{"href":"https:\/\/derecho.uprrp.edu\/revistajuridica\/wp-json\/wp\/v2\/media?parent=541"}],"curies":[{"name":"wp","href":"https:\/\/api.w.org\/{rel}","templated":true}]}}