{"id":7115,"date":"2024-06-13T15:02:16","date_gmt":"2024-06-13T19:02:16","guid":{"rendered":"https:\/\/derecho.uprrp.edu\/revistajuridica\/?page_id=7115"},"modified":"2024-06-18T16:58:55","modified_gmt":"2024-06-18T20:58:55","slug":"volumen-90-numero-2-analisis-del-termino-2019-2020-2","status":"publish","type":"page","link":"https:\/\/derecho.uprrp.edu\/revistajuridica\/volumen-90-numero-2-analisis-del-termino-2019-2020-2\/","title":{"rendered":"Volumen 90, N\u00famero 2: An\u00e1lisis del T\u00e9rmino 2019-2020"},"content":{"rendered":"<h5>Derecho Constitucional<\/h5>\n<ul>\n<li>Autor: Efr\u00e9n Rivera Ramos &amp; Karleen M\u00e9ndez Ben\u00edtez<\/li>\n<li>Volumen: 90<\/li>\n<li>N\u00famero: 2<\/li>\n<li>P\u00e1gina inicial: 385<\/li>\n<li>Cita: Efr\u00e9n Rivera Ramos &amp; Karleen M\u00e9ndez Ben\u00edtez, Derecho Constitucional, 90 REV. JUR. UPR 385 (2021).<\/li>\n<\/ul>\n<p style=\"padding-left: 40px\"><a href=\"https:\/\/derecho.uprrp.edu\/revistajuridica\/wp-content\/uploads\/sites\/4\/2024\/06\/3-Derecho-Constitucional.pdf\" class=\"sc-button sc-button-red\" target=\"_blank\"><span>Art\u00edculo en PDF<\/span><\/a>\n<hr \/>\n<h5>Derecho Procesal Penal<\/h5>\n<ul>\n<li>Autor: Ernesto L. Chiesa Aponte<\/li>\n<li>Volumen: 90<\/li>\n<li>N\u00famero: 2<\/li>\n<li>P\u00e1gina inicial: 405<\/li>\n<li>Cita: Ernesto L. Chiesa Aponte, Derecho Procesal Penal, 90 REV. JUR. UPR 405 (2021).<\/li>\n<\/ul>\n<p style=\"padding-left: 40px\"><a href=\"https:\/\/derecho.uprrp.edu\/revistajuridica\/wp-content\/uploads\/sites\/4\/2024\/06\/4-Derecho-Procesal-Penal.pdf\" class=\"sc-button sc-button-red\" target=\"_blank\"><span>Art\u00edculo en PDF<\/span><\/a>\n<div class=\"page\" title=\"Page 1\">\n<div class=\"layoutArea\">\n<hr \/>\n<h5>Derecho Penal Sustantivo<\/h5>\n<ul>\n<li>Autor: Oscar Miranda Miller<\/li>\n<li>Volumen: 90<\/li>\n<li>N\u00famero: 2<\/li>\n<li>P\u00e1gina inicial: 429<\/li>\n<li>Cita: Oscar Miranda Miller, Derecho Penal Sustantivo, 90 REV. JUR. UPR 429 (2021).<\/li>\n<\/ul>\n<p>&nbsp;<\/p>\n<p style=\"padding-left: 40px\"><a href=\"https:\/\/derecho.uprrp.edu\/revistajuridica\/wp-content\/uploads\/sites\/4\/2024\/06\/5-Derecho-Penal-Sustantivo.pdf\" class=\"sc-button sc-button-red\" target=\"_blank\"><span>Art\u00edculo en PDF<\/span><\/a>\n<hr \/>\n<h5>Derecho Administrativo<\/h5>\n<ul>\n<li>Autor: Emmalind Garc\u00eda Garc\u00eda<\/li>\n<li>Volumen: 90<\/li>\n<li>N\u00famero: 2<\/li>\n<li>P\u00e1gina inicial: 439<\/li>\n<li>Cita: Emmalind Garc\u00eda Garc\u00eda, Derecho Administrativo, 90 REV. JUR. UPR 439 (2021).<\/li>\n<\/ul>\n<p>&nbsp;<\/p>\n<p style=\"padding-left: 40px\"><a href=\"https:\/\/derecho.uprrp.edu\/revistajuridica\/wp-content\/uploads\/sites\/4\/2024\/06\/6-Derecho-Administrativo.pdf\" class=\"sc-button sc-button-red\" target=\"_blank\"><span>Art\u00edculo en PDF<\/span><\/a>\n<div class=\"page\" title=\"Page 1\">\n<div class=\"layoutArea\">\n<hr \/>\n<h5>Obligaciones y Contratos<\/h5>\n<ul>\n<li>Autor: Luis Mu\u00f1iz Arg\u00fcelles<\/li>\n<li>Volumen: 90<\/li>\n<li>N\u00famero: 2<\/li>\n<li>P\u00e1gina inicial: 457<\/li>\n<li>Cita: Luis Mu\u00f1iz Arg\u00fcelles, Obligaciones y Contratos, 90 REV. JUR. UPR 457 (2021).<\/li>\n<\/ul>\n<p>&nbsp;<\/p>\n<p style=\"padding-left: 40px\"><a href=\"https:\/\/derecho.uprrp.edu\/revistajuridica\/wp-content\/uploads\/sites\/4\/2024\/06\/7-Obligaciones-y-Contratos.pdf\" class=\"sc-button sc-button-red\" target=\"_blank\"><span>Art\u00edculo en PDF<\/span><\/a>\n<hr \/>\n<h5>Responsabilidad Civil Extracontractual<\/h5>\n<ul>\n<li>Autor: Eugene Hestres V\u00e9lez<\/li>\n<li>Volumen: 90<\/li>\n<li>N\u00famero: 2<\/li>\n<li>P\u00e1gina inicial: 465<\/li>\n<li>Cita: Eugene Hestres V\u00e9lez, Responsabilidad Civil Extracontractual, 90 REV. JUR. UPR 465 (2021).<\/li>\n<\/ul>\n<p>&nbsp;<\/p>\n<p style=\"padding-left: 40px\"><a href=\"https:\/\/derecho.uprrp.edu\/revistajuridica\/wp-content\/uploads\/sites\/4\/2024\/06\/8-Responsabilidad-Civil-Extracontractual.pdf\" class=\"sc-button sc-button-red\" target=\"_blank\"><span>Art\u00edculo en PDF<\/span><\/a>\n<div class=\"page\" title=\"Page 1\">\n<div class=\"layoutArea\">\n<hr \/>\n<h5>Derecho Hipotecario y Reales<\/h5>\n<ul>\n<li>Autor: F\u00e9lix R. Figueroa Cab\u00e1n<\/li>\n<li>Volumen: 90<\/li>\n<li>N\u00famero: 2<\/li>\n<li>P\u00e1gina inicial: 481<\/li>\n<li>Cita: F\u00e9lix R. Figueroa Cab\u00e1n, Derecho Hipotecario y Reales, 90 REV. JUR. UPR 481 (2021).<\/li>\n<\/ul>\n<p>&nbsp;<\/p>\n<p style=\"padding-left: 40px\"><a href=\"https:\/\/derecho.uprrp.edu\/revistajuridica\/wp-content\/uploads\/sites\/4\/2024\/06\/9-Derecho-Hipotecario-y-Reales.pdf\" class=\"sc-button sc-button-red\" target=\"_blank\"><span>Art\u00edculo en PDF<\/span><\/a>\n<hr \/>\n<h5>Derecho Procesal Civil<\/h5>\n<ul>\n<li>Autor: Nilda M. Navarro Cabrer<\/li>\n<li>Volumen: 90<\/li>\n<li>N\u00famero: 2<\/li>\n<li>P\u00e1gina inicial: 493<\/li>\n<li>Cita: Nilda M. Navarro Cabrer, Derecho Procesal Civil, 90 REV. JUR. UPR 493 (2021).<\/li>\n<\/ul>\n<p>&nbsp;<\/p>\n<p style=\"padding-left: 40px\"><a href=\"https:\/\/derecho.uprrp.edu\/revistajuridica\/wp-content\/uploads\/sites\/4\/2024\/06\/10-Derecho-Procesal-Civil.pdf\" class=\"sc-button sc-button-red\" target=\"_blank\"><span>Art\u00edculo en PDF<\/span><\/a>\n<div class=\"page\" title=\"Page 1\">\n<div class=\"layoutArea\">\n<hr \/>\n<h5>Derecho de Familia<\/h5>\n<ul>\n<li>Autor: Roc\u00edo de F\u00e9lix D\u00e1vila<\/li>\n<li>Volumen: 90<\/li>\n<li>N\u00famero: 2<\/li>\n<li>P\u00e1gina inicial: 513<\/li>\n<li>Cita: Roc\u00edo de F\u00e9lix D\u00e1vila, Derecho de Familia, 90 REV. JUR. UPR 513 (2021).<\/li>\n<\/ul>\n<p>&nbsp;<\/p>\n<p style=\"padding-left: 40px\"><a href=\"https:\/\/derecho.uprrp.edu\/revistajuridica\/wp-content\/uploads\/sites\/4\/2024\/06\/11-Derecho-de-Familia.pdf\" class=\"sc-button sc-button-red\" target=\"_blank\"><span>Art\u00edculo en PDF<\/span><\/a>\n<hr \/>\n<h5>Derecho Probatorio<\/h5>\n<ul>\n<li>Autor: Vivian I. Neptune Rivera &amp; Alessandra N. Torres Garc\u00eda<\/li>\n<li>Volumen: 90<\/li>\n<li>N\u00famero: 2<\/li>\n<li>P\u00e1gina inicial: 535<\/li>\n<li>Cita: Vivian I. Neptune Rivera &amp; Alessandra N. Torres Garc\u00eda, Derecho Probatorio, 90 REV. JUR. UPR 535 (2021).<\/li>\n<\/ul>\n<p>&nbsp;<\/p>\n<p style=\"padding-left: 40px\"><a href=\"https:\/\/derecho.uprrp.edu\/revistajuridica\/wp-content\/uploads\/sites\/4\/2024\/06\/12-Derecho-Probatorio.pdf\" class=\"sc-button sc-button-red\" target=\"_blank\"><span>Art\u00edculo en PDF<\/span><\/a>\n<div class=\"page\" title=\"Page 1\">\n<div class=\"layoutArea\">\n<hr \/>\n<h5>\u00c9tica y Conducta Profesional<\/h5>\n<ul>\n<li>Autor: Guillermo Figueroa Prieto<\/li>\n<li>Volumen: 90<\/li>\n<li>N\u00famero: 2<\/li>\n<li>P\u00e1gina inicial: 547<\/li>\n<li>Cita: Guillermo Figueroa Prieto, \u00c9tica y Conducta Profesional, 90 REV. JUR. UPR 547 (2021).<\/li>\n<\/ul>\n<p>&nbsp;<\/p>\n<p style=\"padding-left: 40px\"><a href=\"https:\/\/derecho.uprrp.edu\/revistajuridica\/wp-content\/uploads\/sites\/4\/2024\/06\/13-Etica-y-Conducta-Profesional.pdf\" class=\"sc-button sc-button-red\" target=\"_blank\"><span>Art\u00edculo en PDF<\/span><\/a>\n<hr \/>\n<h5>Derecho Apelativo<\/h5>\n<ul>\n<li>Autor: Margarita Mercado Echegaray<\/li>\n<li>Volumen: 90<\/li>\n<li>N\u00famero: 2<\/li>\n<li>P\u00e1gina inicial: 589<\/li>\n<li>Cita: Margarita Mercado Echegaray, Derecho Apelativo, 90 REV. JUR. UPR 589 (2021).<\/li>\n<\/ul>\n<p>&nbsp;<\/p>\n<p style=\"padding-left: 40px\"><a href=\"https:\/\/derecho.uprrp.edu\/revistajuridica\/wp-content\/uploads\/sites\/4\/2024\/06\/14-Derecho-Apelativo.pdf\" class=\"sc-button sc-button-red\" target=\"_blank\"><span>Art\u00edculo en PDF<\/span><\/a>\n<div class=\"page\" title=\"Page 1\">\n<div class=\"layoutArea\">\n<hr \/>\n<h5>Derecho Administrativo (2018-2019)<\/h5>\n<ul>\n<li>Autor: Gerardo A. Flores Garc\u00eda<\/li>\n<li>Volumen: 90<\/li>\n<li>N\u00famero: 2<\/li>\n<li>P\u00e1gina inicial: 605<\/li>\n<li>Cita: Gerardo A. Flores Garc\u00eda, Derecho Administrativo (2018-2019), 90 REV. JUR. UPR 605 (2021).<\/li>\n<\/ul>\n<p>&nbsp;<\/p>\n<p style=\"padding-left: 40px\"><a href=\"https:\/\/derecho.uprrp.edu\/revistajuridica\/wp-content\/uploads\/sites\/4\/2024\/06\/15-Derecho-Administrativo-2018-2019.pdf\" class=\"sc-button sc-button-red\" target=\"_blank\"><span>Art\u00edculo en PDF<\/span><\/a>\n<div class=\"page\" title=\"Page 1\">\n<div class=\"layoutArea\">\n<div class=\"page\" title=\"Page 1\">\n<div class=\"layoutArea\">\n<div class=\"page\" title=\"Page 1\">\n<div class=\"layoutArea\">\n<h5><\/h5>\n<\/div>\n<\/div>\n<\/div>\n<\/div>\n<\/div>\n<\/div>\n<\/div>\n<\/div>\n<\/div>\n<\/div>\n<\/div>\n<\/div>\n<\/div>\n<\/div>\n<\/div>\n<\/div>\n<\/div>\n<\/div>\n","protected":false},"excerpt":{"rendered":"<p>Derecho Constitucional Autor: Efr\u00e9n Rivera Ramos &amp; Karleen M\u00e9ndez Ben\u00edtez Volumen: 90 N\u00famero: 2 P\u00e1gina inicial: 385 Cita: Efr\u00e9n Rivera Ramos &amp; Karleen M\u00e9ndez Ben\u00edtez, Derecho Constitucional, 90 REV. JUR. UPR 385 (2021). Derecho Procesal Penal Autor: Ernesto L. Chiesa Aponte Volumen: 90 N\u00famero: 2 P\u00e1gina inicial: 405 Cita: Ernesto L. Chiesa Aponte, Derecho Procesal<\/p>\n<div class=\"read-more\"><a href=\"https:\/\/derecho.uprrp.edu\/revistajuridica\/volumen-90-numero-2-analisis-del-termino-2019-2020-2\/\" title=\"Read More\">Read More<\/a><\/div>\n","protected":false},"author":34,"featured_media":0,"parent":0,"menu_order":0,"comment_status":"closed","ping_status":"closed","template":"","meta":{"footnotes":""},"class_list":["post-7115","page","type-page","status-publish"],"_links":{"self":[{"href":"https:\/\/derecho.uprrp.edu\/revistajuridica\/wp-json\/wp\/v2\/pages\/7115","targetHints":{"allow":["GET"]}}],"collection":[{"href":"https:\/\/derecho.uprrp.edu\/revistajuridica\/wp-json\/wp\/v2\/pages"}],"about":[{"href":"https:\/\/derecho.uprrp.edu\/revistajuridica\/wp-json\/wp\/v2\/types\/page"}],"author":[{"embeddable":true,"href":"https:\/\/derecho.uprrp.edu\/revistajuridica\/wp-json\/wp\/v2\/users\/34"}],"replies":[{"embeddable":true,"href":"https:\/\/derecho.uprrp.edu\/revistajuridica\/wp-json\/wp\/v2\/comments?post=7115"}],"version-history":[{"count":12,"href":"https:\/\/derecho.uprrp.edu\/revistajuridica\/wp-json\/wp\/v2\/pages\/7115\/revisions"}],"predecessor-version":[{"id":7216,"href":"https:\/\/derecho.uprrp.edu\/revistajuridica\/wp-json\/wp\/v2\/pages\/7115\/revisions\/7216"}],"wp:attachment":[{"href":"https:\/\/derecho.uprrp.edu\/revistajuridica\/wp-json\/wp\/v2\/media?parent=7115"}],"curies":[{"name":"wp","href":"https:\/\/api.w.org\/{rel}","templated":true}]}}