{"id":7212,"date":"2024-06-18T17:21:14","date_gmt":"2024-06-18T21:21:14","guid":{"rendered":"https:\/\/derecho.uprrp.edu\/revistajuridica\/?page_id=7212"},"modified":"2025-01-25T16:16:12","modified_gmt":"2025-01-25T20:16:12","slug":"volumen-91-numero-1-tema-libre","status":"publish","type":"page","link":"https:\/\/derecho.uprrp.edu\/revistajuridica\/volumen-91-numero-1-tema-libre\/","title":{"rendered":"Volumen 91, N\u00famero 1: Tema Libre"},"content":{"rendered":"<h5>Nilita Vient\u00f3s Gast\u00f3n: mujer paradigm\u00e1tica<\/h5>\n<ul>\n<li>Autor: Liana Fiol Matta<\/li>\n<li>Volumen: 91<\/li>\n<li>N\u00famero: 1<\/li>\n<li>P\u00e1gina inicial: 1<\/li>\n<li>Cita: Liana Fiol Matta, Nilita Vient\u00f3s Gast\u00f3n: mujer paradigm\u00e1tica, 91 REV. JUR. UPR 1 (2022).<\/li>\n<\/ul>\n<p style=\"padding-left: 40px\"><a href=\"https:\/\/derecho.uprrp.edu\/revistajuridica\/wp-content\/uploads\/sites\/4\/2024\/06\/3-Nilita-Vientos-Gaston-mujer-paradigmatica.pdf\" class=\"sc-button sc-button-red\" target=\"_blank\"><span>Art\u00edculo en PDF<\/span><\/a>\n<hr \/>\n<h5>Restituci\u00f3n del patrimonio cultural usurpado antes del Siglo XX y la Corte Internacional de Justicia<\/h5>\n<ul>\n<li>Autor: Josu\u00e9 A. Rodr\u00edguez Cruz<\/li>\n<li>Volumen: 91<\/li>\n<li>N\u00famero: 1<\/li>\n<li>P\u00e1gina inicial: 9<\/li>\n<li>Cita: Josu\u00e9 A. Rodr\u00edguez Cruz, Restituci\u00f3n del patrimonio cultural usurpado antes del Siglo XX y la Corte Internacional de Justicia, 91 REV. JUR. UPR 9 (2022).<\/li>\n<\/ul>\n<p style=\"padding-left: 40px\"><a href=\"https:\/\/derecho.uprrp.edu\/revistajuridica\/wp-content\/uploads\/sites\/4\/2024\/06\/4-Restitucion-del-patrimonio-cultural-usurpado-antes-del-Siglo-XX-y-la-Corte-Internacional-de-Justicia.pdf\" class=\"sc-button sc-button-red\" target=\"_blank\"><span>Art\u00edculo en PDF<\/span><\/a>\n<div class=\"page\" title=\"Page 1\">\n<div class=\"layoutArea\">\n<hr \/>\n<h5>An\u00e1lisis comparativo de las pol\u00edticas p\u00fablicas de planificaci\u00f3n y desarrollo<\/h5>\n<ul>\n<li>Autor: Roc\u00edo del Mar Rom\u00e1n Aguil\u00fa<\/li>\n<li>Volumen: 91<\/li>\n<li>N\u00famero: 1<\/li>\n<li>P\u00e1gina inicial: 27<\/li>\n<li>Cita: Roc\u00edo del Mar Rom\u00e1n Aguil\u00fa, An\u00e1lisis comparativo de las pol\u00edticas p\u00fablicas de planificaci\u00f3n y desarrollo, 91 REV. JUR. UPR 27 (2022).<\/li>\n<\/ul>\n<p>&nbsp;<\/p>\n<p style=\"padding-left: 40px\"><a href=\"https:\/\/derecho.uprrp.edu\/revistajuridica\/wp-content\/uploads\/sites\/4\/2024\/06\/5-Analisis-comparativo-de-las-politicas-publicas-de-planificacion-y-desarrollo.pdf\" class=\"sc-button sc-button-red\" target=\"_blank\"><span>Art\u00edculo en PDF<\/span><\/a>\n<hr \/>\n<h5>The Meat Industry: A Link between Global Pandemics, Climate Change, and Economic Crisis<\/h5>\n<ul>\n<li>Autor: Karleen N. M\u00e9ndez Ben\u00edtez<\/li>\n<li>Volumen: 91<\/li>\n<li>N\u00famero: 1<\/li>\n<li>P\u00e1gina inicial: 47<\/li>\n<li>Cita: Karleen N. M\u00e9ndez Ben\u00edtez, The Meat Industry: A Link between Global Pandemics, Climate Change, and Economic Crisis, 91 REV. JUR. UPR 47 (2022).<\/li>\n<\/ul>\n<p>&nbsp;<\/p>\n<p style=\"padding-left: 40px\"><a href=\"https:\/\/derecho.uprrp.edu\/revistajuridica\/wp-content\/uploads\/sites\/4\/2024\/06\/6-The-Meat-Industry-A-Link-between-Global-Pandemics-Climate-Change-and-Economic-Crisis.pdf\" class=\"sc-button sc-button-red\" target=\"_blank\"><span>Art\u00edculo en PDF<\/span><\/a>\n<div class=\"page\" title=\"Page 1\">\n<div class=\"layoutArea\">\n<hr \/>\n<h5>El paciente de cannabis medicinal y las pruebas de detecci\u00f3n de sustancias controladas en el empleo: \u00bfCu\u00e1l es alcance de la protecci\u00f3n?<\/h5>\n<ul>\n<li>Autor: Nathalia S. Marrero M\u00e9ndez<\/li>\n<li>Volumen: 91<\/li>\n<li>N\u00famero: 1<\/li>\n<li>P\u00e1gina inicial: 89<\/li>\n<li>Cita: Nathalia S. Marrero M\u00e9ndez, El paciente de cannabis medicinal y las pruebas de detecci\u00f3n de sustancias controladas en el empleo: \u00bfCu\u00e1l es alcance de la protecci\u00f3n?, 91 REV. JUR. UPR 89 (2022).<\/li>\n<\/ul>\n<p>&nbsp;<\/p>\n<p style=\"padding-left: 40px\"><a href=\"https:\/\/derecho.uprrp.edu\/revistajuridica\/wp-content\/uploads\/sites\/4\/2024\/06\/7-El-paciente-de-cannabis-medicinal-y-las-pruebas-de-deteccion-de-sustancias-controladas-en-el-empleo-\u00bfCual-es-alcance-de-la-proteccion.pdf\" class=\"sc-button sc-button-red\" target=\"_blank\"><span>Art\u00edculo en PDF<\/span><\/a>\n<hr \/>\n<h5>Las redes sociales y la primera enmienda: censura gubernamental en la era digital<\/h5>\n<ul>\n<li>Autor: Henry Dami\u00e1n Rodr\u00edguez Gracia<\/li>\n<li>Volumen: 91<\/li>\n<li>N\u00famero: 1<\/li>\n<li>P\u00e1gina inicial: 119<\/li>\n<li>Cita: Henry Dami\u00e1n Rodr\u00edguez Gracia, Las redes sociales y la primera enmienda: censura gubernamental en la era digital, 91 REV. JUR. UPR 119 (2022).<\/li>\n<\/ul>\n<p>&nbsp;<\/p>\n<p style=\"padding-left: 40px\"><a href=\"https:\/\/derecho.uprrp.edu\/revistajuridica\/wp-content\/uploads\/sites\/4\/2024\/06\/8-Las-redes-sociales-y-la-primera-enmienda-censura-gubernamental-en-la-era-digital.pdf\" class=\"sc-button sc-button-red\" target=\"_blank\"><span>Art\u00edculo en PDF<\/span><\/a>\n<div class=\"page\" title=\"Page 1\">\n<div class=\"layoutArea\">\n<hr \/>\n<h5>Las redes sociales y las \u00f3rdenes de registro y allanamiento: una mirada a la expectativa razonable de intimidad<\/h5>\n<ul>\n<li>Autor: Ana M. Batista, Joan M. Gonz\u00e1lez y Barbie L. Rom\u00e1n<\/li>\n<li>Volumen: 91<\/li>\n<li>N\u00famero: 1<\/li>\n<li>P\u00e1gina inicial: 153<\/li>\n<li>Cita: Ana M. Batista, Joan M. Gonz\u00e1lez y Barbie L. Rom\u00e1n, Las redes sociales y las \u00f3rdenes de registro y allanamiento: una mirada a la expectativa razonable de intimidad, 91 REV. JUR. UPR 153 (2022).<\/li>\n<\/ul>\n<p>&nbsp;<\/p>\n<p style=\"padding-left: 40px\"><a href=\"https:\/\/derecho.uprrp.edu\/revistajuridica\/wp-content\/uploads\/sites\/4\/2024\/06\/9-Las-redes-sociales-y-las-ordenes-de-registro-y-allanamiento-una-mirada-a-la-expectativa-razonable-de-intimidad.pdf\" class=\"sc-button sc-button-red\" target=\"_blank\"><span>Art\u00edculo en PDF<\/span><\/a>\n<hr \/>\n<h5>La Ley contra la venganza pornogr\u00e1fica de Puerto Rico y su impacto en las reclamaciones civiles contra la difusi\u00f3n no consentida de im\u00e1genes privadas y la sextorsi\u00f3n<\/h5>\n<ul>\n<li>Autor: Joel Andrews Cosme Morales<\/li>\n<li>Volumen: 91<\/li>\n<li>N\u00famero: 1<\/li>\n<li>P\u00e1gina inicial: 177<\/li>\n<li>Cita: Joel Andrews Cosme Morales, La Ley contra la venganza pornogr\u00e1fica de Puerto Rico y su impacto en las reclamaciones civiles contra la difusi\u00f3n no consentida de im\u00e1genes privadas y la sextorsi\u00f3n, 91 REV. JUR. UPR 177 (2022).<\/li>\n<\/ul>\n<p>&nbsp;<\/p>\n<p style=\"padding-left: 40px\"><a href=\"https:\/\/derecho.uprrp.edu\/revistajuridica\/wp-content\/uploads\/sites\/4\/2024\/06\/10-La-Ley-contra-la-venganza-pornografica-de-Puerto-Rico-y-su-impacto-en-las-reclamaciones-civiles-contra-la-difusion-no-consentida-de-imagenes-privadas-y-la-sextorsion.pdf\" class=\"sc-button sc-button-red\" target=\"_blank\"><span>Art\u00edculo en PDF<\/span><\/a>\n<div class=\"page\" title=\"Page 1\">\n<div class=\"layoutArea\">\n<hr \/>\n<div class=\"page\" title=\"Page 1\">\n<div class=\"layoutArea\">\n<div class=\"page\" title=\"Page 1\">\n<div class=\"layoutArea\">\n<h5>El impacto de Murphy v. N.C.A.A. y la legalizaci\u00f3n de las apuestas deportivas en el futuro del deporte profesional puertorrique\u00f1o<\/h5>\n<ul>\n<li>Autor: Daniel Enrique Matos Mel\u00e9ndez<\/li>\n<li>Volumen: 91<\/li>\n<li>N\u00famero: 1<\/li>\n<li>P\u00e1gina inicial: 229<\/li>\n<li>Cita: Daniel Enrique Matos Mel\u00e9ndez, El impacto de Murphy v. N.C.A.A. y la legalizaci\u00f3n de las apuestas deportivas en el futuro del deporte profesional puertorrique\u00f1o, 91 REV. JUR. UPR 229 (2022).<\/li>\n<\/ul>\n<p>&nbsp;<\/p>\n<p style=\"padding-left: 40px\"><a href=\"https:\/\/derecho.uprrp.edu\/revistajuridica\/wp-content\/uploads\/sites\/4\/2024\/06\/11-El-impacto-de-Murphy-v.-N.C.A.A.-y-la-legalizacion-de-las-apuestas-deportivas-en-el-futuro-del-deporte-profesional-puertorriqueno.pdf\" class=\"sc-button sc-button-red\" target=\"_blank\"><span>Art\u00edculo en PDF<\/span><\/a>\n<div class=\"page\" title=\"Page 1\">\n<div class=\"layoutArea\">\n<div class=\"page\" title=\"Page 1\">\n<div class=\"layoutArea\">\n<div class=\"page\" title=\"Page 1\">\n<div class=\"layoutArea\">\n<h5><\/h5>\n<\/div>\n<\/div>\n<\/div>\n<\/div>\n<\/div>\n<\/div>\n<\/div>\n<\/div>\n<\/div>\n<\/div>\n<\/div>\n<\/div>\n<\/div>\n<\/div>\n<\/div>\n<\/div>\n<\/div>\n<\/div>\n","protected":false},"excerpt":{"rendered":"<p>Nilita Vient\u00f3s Gast\u00f3n: mujer paradigm\u00e1tica Autor: Liana Fiol Matta Volumen: 91 N\u00famero: 1 P\u00e1gina inicial: 1 Cita: Liana Fiol Matta, Nilita Vient\u00f3s Gast\u00f3n: mujer paradigm\u00e1tica, 91 REV. JUR. UPR 1 (2022). Restituci\u00f3n del patrimonio cultural usurpado antes del Siglo XX y la Corte Internacional de Justicia Autor: Josu\u00e9 A. Rodr\u00edguez Cruz Volumen: 91 N\u00famero: 1<\/p>\n<div class=\"read-more\"><a href=\"https:\/\/derecho.uprrp.edu\/revistajuridica\/volumen-91-numero-1-tema-libre\/\" title=\"Read More\">Read More<\/a><\/div>\n","protected":false},"author":34,"featured_media":0,"parent":0,"menu_order":0,"comment_status":"closed","ping_status":"closed","template":"","meta":{"footnotes":""},"class_list":["post-7212","page","type-page","status-publish"],"_links":{"self":[{"href":"https:\/\/derecho.uprrp.edu\/revistajuridica\/wp-json\/wp\/v2\/pages\/7212","targetHints":{"allow":["GET"]}}],"collection":[{"href":"https:\/\/derecho.uprrp.edu\/revistajuridica\/wp-json\/wp\/v2\/pages"}],"about":[{"href":"https:\/\/derecho.uprrp.edu\/revistajuridica\/wp-json\/wp\/v2\/types\/page"}],"author":[{"embeddable":true,"href":"https:\/\/derecho.uprrp.edu\/revistajuridica\/wp-json\/wp\/v2\/users\/34"}],"replies":[{"embeddable":true,"href":"https:\/\/derecho.uprrp.edu\/revistajuridica\/wp-json\/wp\/v2\/comments?post=7212"}],"version-history":[{"count":5,"href":"https:\/\/derecho.uprrp.edu\/revistajuridica\/wp-json\/wp\/v2\/pages\/7212\/revisions"}],"predecessor-version":[{"id":7574,"href":"https:\/\/derecho.uprrp.edu\/revistajuridica\/wp-json\/wp\/v2\/pages\/7212\/revisions\/7574"}],"wp:attachment":[{"href":"https:\/\/derecho.uprrp.edu\/revistajuridica\/wp-json\/wp\/v2\/media?parent=7212"}],"curies":[{"name":"wp","href":"https:\/\/api.w.org\/{rel}","templated":true}]}}