{"id":7332,"date":"2024-06-18T21:09:53","date_gmt":"2024-06-19T01:09:53","guid":{"rendered":"https:\/\/derecho.uprrp.edu\/revistajuridica\/?page_id=7332"},"modified":"2024-06-18T21:10:26","modified_gmt":"2024-06-19T01:10:26","slug":"volumen-92-numero-2-congreso-de-derecho-administrativo","status":"publish","type":"page","link":"https:\/\/derecho.uprrp.edu\/revistajuridica\/volumen-92-numero-2-congreso-de-derecho-administrativo\/","title":{"rendered":"Volumen 92, N\u00famero 2: Congreso de Derecho Administrativo"},"content":{"rendered":"<h5 class=\"p3\">El Derecho Administrativo: \u00bfFacilitador u obst\u00e1culo para acceder a la justicia?<\/h5>\n<ul class=\"ul1\">\n<li class=\"li3\">Autor: Emmalind Garc\u00eda Garc\u00eda<\/li>\n<li class=\"li3\">Volumen: 92<\/li>\n<li class=\"li3\">N\u00famero: 2<\/li>\n<li class=\"li3\">P\u00e1gina inicial: 157<\/li>\n<li class=\"li3\">Cita: Emmalind Garc\u00eda Garc\u00eda, El Derecho Administrativo: \u00bfFacilitador u obst\u00e1culo para acceder a la justicia?, 92 REV. JUR. UPR 157 (2023).<\/li>\n<\/ul>\n<p class=\"p3\" style=\"padding-left: 40px\"><a href=\"https:\/\/derecho.uprrp.edu\/revistajuridica\/wp-content\/uploads\/sites\/4\/2024\/06\/3-El-Derecho-Administrativo-\u00bfFacilitador-u-obstaculo-para-acceder-a-la-justicia.pdf\" class=\"sc-button sc-button-red\" target=\"_blank\"><span>Art\u00edculo en PDF<\/span><\/a>\n<hr \/>\n<h5 class=\"p3\">Divergencias entre la doctrina federal y puertorrique\u00f1a en el Derecho Administrativo<\/h5>\n<ul class=\"ul1\">\n<li class=\"li3\">Autor: Jorge M. Farinacci Fern\u00f3s<\/li>\n<li class=\"li3\">Volumen: 92<\/li>\n<li class=\"li3\">N\u00famero: 2<\/li>\n<li class=\"li3\">P\u00e1gina inicial: 187<\/li>\n<li class=\"li3\">Cita: Jorge M. Farinacci Fern\u00f3s, Divergencias entre la doctrina federal y puertorrique\u00f1a en el Derecho Administrativo, 92 REV. JUR. UPR 187 (2023).<\/li>\n<\/ul>\n<p class=\"p3\" style=\"padding-left: 40px\"><a href=\"https:\/\/derecho.uprrp.edu\/revistajuridica\/wp-content\/uploads\/sites\/4\/2024\/06\/4-Divergencias-entre-la-doctrina-federal-y-puertorriquena-en-el-Derecho-Administrativo.pdf\" class=\"sc-button sc-button-red\" target=\"_blank\"><span>Art\u00edculo en PDF<\/span><\/a>\n<hr \/>\n<h5 class=\"p3\">Ley Org\u00e1nica de la Oficina de Etica Gubernamental de Puerto Rico, nepotismo y los retos asociados al conflicto de intereses<\/h5>\n<ul class=\"ul1\">\n<li class=\"li3\">Autor: Luis A. P\u00e9rez Vargas<\/li>\n<li class=\"li3\">Volumen: 92<\/li>\n<li class=\"li3\">N\u00famero: 2<\/li>\n<li class=\"li3\">P\u00e1gina inicial: 209<\/li>\n<li class=\"li3\">Cita: Luis A. P\u00e9rez Vargas, Ley Org\u00e1nica de la Oficina de Etica Gubernamental de Puerto Rico, nepotismo y los retos asociados al conflicto de intereses, 92 REV. JUR. UPR 209 (2023).<\/li>\n<\/ul>\n<p class=\"p3\" style=\"padding-left: 40px\"><a href=\"https:\/\/derecho.uprrp.edu\/revistajuridica\/wp-content\/uploads\/sites\/4\/2024\/06\/5-Ley-Organica-de-la-Oficina-de-Etica-Gubernamental-de-Puerto-Rico-nepotismo-y-los-retos-asociados-al-conflicto-de-intereses.pdf\" class=\"sc-button sc-button-red\" target=\"_blank\"><span>Art\u00edculo en PDF<\/span><\/a>\n<hr \/>\n<h5 class=\"p3\">Evaluaci\u00f3n de la Ley n\u00fam. 141-2019: Fiscalizaci\u00f3n en la ejecuci\u00f3n gubernamental y propuestas para fortalecer el derecho de acceso a la informaci\u00f3n en Puerto Rico<\/h5>\n<ul class=\"ul1\">\n<li class=\"li3\">Autor: Carlos F. Ramos Hern\u00e1ndez<\/li>\n<li class=\"li3\">Volumen: 92<\/li>\n<li class=\"li3\">N\u00famero: 2<\/li>\n<li class=\"li3\">P\u00e1gina inicial: 225<\/li>\n<li class=\"li3\">Cita: Carlos F. Ramos Hern\u00e1ndez, Evaluaci\u00f3n de la Ley n\u00fam. 141-2019: Fiscalizaci\u00f3n en la ejecuci\u00f3n gubernamental y propuestas para fortalecer el derecho de acceso a la informaci\u00f3n en Puerto Rico, 92 REV. JUR. UPR 225 (2023).<\/li>\n<\/ul>\n<p class=\"p3\" style=\"padding-left: 40px\"><a href=\"https:\/\/derecho.uprrp.edu\/revistajuridica\/wp-content\/uploads\/sites\/4\/2024\/06\/6-Evaluacion-de-la-Ley-num.-141-2019-Fiscalizacion-en-la-ejecucion-gubernamental-y-propuestas-para-fortalecer-el-derecho-de-acceso-a-la-informacion-en-Puerto-Rico.pdf\" class=\"sc-button sc-button-red\" target=\"_blank\"><span>Art\u00edculo en PDF<\/span><\/a>\n<hr \/>\n<h5 class=\"p3\">El C\u00f3digo Municipal de Puerto Rico y los intentos para transparentar los procesos municipales<\/h5>\n<ul class=\"ul1\">\n<li class=\"li3\">Autor: Christian Arvelo Forteza<\/li>\n<li class=\"li3\">Volumen: 92<\/li>\n<li class=\"li3\">N\u00famero: 2<\/li>\n<li class=\"li3\">P\u00e1gina inicial: 263<\/li>\n<li class=\"li3\">Cita: Christian Arvelo Forteza, El C\u00f3digo Municipal de Puerto Rico y los intentos para transparentar los procesos municipales, 92 REV. JUR. UPR 263 (2023).<\/li>\n<\/ul>\n<p class=\"p3\" style=\"padding-left: 40px\"><a href=\"https:\/\/derecho.uprrp.edu\/revistajuridica\/wp-content\/uploads\/sites\/4\/2024\/06\/7-El-Codigo-Municipal-de-Puerto-Rico-y-los-intentos-para-transparentar-los-procesos-municipales.pdf\" class=\"sc-button sc-button-red\" target=\"_blank\"><span>Art\u00edculo en PDF<\/span><\/a>\n<hr \/>\n<h5 class=\"p3\">Doctrina de Deferencia: Limitaci\u00f3n a la revisi\u00f3n judicial e impacto en la separaci\u00f3n de poderes<\/h5>\n<ul class=\"ul1\">\n<li class=\"li3\">Autor: Arelys M. Ortiz Rivera<\/li>\n<li class=\"li3\">Volumen: 92<\/li>\n<li class=\"li3\">N\u00famero: 2<\/li>\n<li class=\"li3\">P\u00e1gina inicial: 277<\/li>\n<li class=\"li3\">Cita: Arelys M. Ortiz Rivera, Doctrina de Deferencia: Limitaci\u00f3n a la revisi\u00f3n judicial e impacto en la separaci\u00f3n de poderes, 92 REV. JUR. UPR 277 (2023).<\/li>\n<\/ul>\n<p style=\"padding-left: 40px\"><a href=\"https:\/\/derecho.uprrp.edu\/revistajuridica\/wp-content\/uploads\/sites\/4\/2024\/06\/8-Doctrina-de-Deferencia-Limitacion-a-la-revision-judicial-e-impacto-en-la-separacion-de-poderes.pdf\" class=\"sc-button sc-button-red\" target=\"_blank\"><span>Art\u00edculo en PDF<\/span><\/a>\n<hr \/>\n<h5 class=\"p3\">Fortaleciendo la lucha contra la corrupci\u00f3n en Puerto Rico<\/h5>\n<ul class=\"ul1\">\n<li class=\"li3\">Autor: Issel Masses &amp; G\u00e9nesis S. Rivera Carrasquillo<\/li>\n<li class=\"li3\">Volumen: 92<\/li>\n<li class=\"li3\">N\u00famero: 2<\/li>\n<li class=\"li3\">P\u00e1gina inicial: 315<\/li>\n<li class=\"li3\">Cita: Naudelis Fern\u00e1ndez Reyes y Carlos A. Gonz\u00e1lez Cofi\u00f1o, Fortaleciendo la lucha contra la corrupci\u00f3n en Puerto Rico, 92 REV. JUR. UPR 315 (2023).<\/li>\n<\/ul>\n<p class=\"p3\" style=\"padding-left: 40px\"><a href=\"https:\/\/derecho.uprrp.edu\/revistajuridica\/wp-content\/uploads\/sites\/4\/2024\/06\/9-Fortaleciendo-la-lucha-contra-la-corrupcion-en-Puerto-Rico.pdf\" class=\"sc-button sc-button-red\" target=\"_blank\"><span>Art\u00edculo en PDF<\/span><\/a>\n","protected":false},"excerpt":{"rendered":"<p>El Derecho Administrativo: \u00bfFacilitador u obst\u00e1culo para acceder a la justicia? Autor: Emmalind Garc\u00eda Garc\u00eda Volumen: 92 N\u00famero: 2 P\u00e1gina inicial: 157 Cita: Emmalind Garc\u00eda Garc\u00eda, El Derecho Administrativo: \u00bfFacilitador u obst\u00e1culo para acceder a la justicia?, 92 REV. JUR. UPR 157 (2023). Divergencias entre la doctrina federal y puertorrique\u00f1a en el Derecho Administrativo Autor:<\/p>\n<div class=\"read-more\"><a href=\"https:\/\/derecho.uprrp.edu\/revistajuridica\/volumen-92-numero-2-congreso-de-derecho-administrativo\/\" title=\"Read More\">Read More<\/a><\/div>\n","protected":false},"author":34,"featured_media":0,"parent":0,"menu_order":0,"comment_status":"closed","ping_status":"closed","template":"","meta":{"footnotes":""},"class_list":["post-7332","page","type-page","status-publish"],"_links":{"self":[{"href":"https:\/\/derecho.uprrp.edu\/revistajuridica\/wp-json\/wp\/v2\/pages\/7332","targetHints":{"allow":["GET"]}}],"collection":[{"href":"https:\/\/derecho.uprrp.edu\/revistajuridica\/wp-json\/wp\/v2\/pages"}],"about":[{"href":"https:\/\/derecho.uprrp.edu\/revistajuridica\/wp-json\/wp\/v2\/types\/page"}],"author":[{"embeddable":true,"href":"https:\/\/derecho.uprrp.edu\/revistajuridica\/wp-json\/wp\/v2\/users\/34"}],"replies":[{"embeddable":true,"href":"https:\/\/derecho.uprrp.edu\/revistajuridica\/wp-json\/wp\/v2\/comments?post=7332"}],"version-history":[{"count":2,"href":"https:\/\/derecho.uprrp.edu\/revistajuridica\/wp-json\/wp\/v2\/pages\/7332\/revisions"}],"predecessor-version":[{"id":7341,"href":"https:\/\/derecho.uprrp.edu\/revistajuridica\/wp-json\/wp\/v2\/pages\/7332\/revisions\/7341"}],"wp:attachment":[{"href":"https:\/\/derecho.uprrp.edu\/revistajuridica\/wp-json\/wp\/v2\/media?parent=7332"}],"curies":[{"name":"wp","href":"https:\/\/api.w.org\/{rel}","templated":true}]}}