{"id":738,"date":"2016-05-17T21:22:50","date_gmt":"2016-05-17T21:22:50","guid":{"rendered":"http:\/\/revistajuridica.uprrp.edu\/wp\/?page_id=738"},"modified":"2022-06-23T00:19:16","modified_gmt":"2022-06-23T00:19:16","slug":"volumen-84-numero-1","status":"publish","type":"page","link":"https:\/\/derecho.uprrp.edu\/revistajuridica\/volumenes\/revista-juridica-upr\/volumen-84-numero-1\/","title":{"rendered":"Volumen 84-N\u00famero 1"},"content":{"rendered":"<ul id=\"lcp_instance_0\" class=\"lcp_catlist\">\n<li>\n<h5 class=\"lcp_title\"><a href=\"https:\/\/derecho.uprrp.edu\/revistajuridica\/wp-content\/uploads\/sites\/4\/2016\/05\/84-Rev-Jur-UPR-1.pdf\" target=\"_blank\" rel=\"noopener\">Jeira Bel\u00e9n Ortiz, A Don Efra\u00edn Gonz\u00e1lez Tejera, 84 REV. JUR. UPR 1 (2015)<\/a><\/h5>\n<\/li>\n<li>\n<h5 class=\"lcp_title\"><a href=\"https:\/\/derecho.uprrp.edu\/revistajuridica\/wp-content\/uploads\/sites\/4\/2016\/05\/84-Rev-Jur-UPR-3.pdf\" target=\"_blank\" rel=\"noopener\">EN HONOR A DON EFRA\u00cdN GONZ\u00c1LEZ TEJERA<\/a><\/h5>\n<\/li>\n<li>\n<h5 class=\"lcp_title\"><a href=\"https:\/\/derecho.uprrp.edu\/revistajuridica\/wp-content\/uploads\/sites\/4\/2016\/05\/84-Rev-Jur-UPR-7.pdf\" target=\"_blank\" rel=\"noopener\">DE NUESTRA UNIVERSIDAD<\/a><\/h5>\n<\/li>\n<li>\n<h5 class=\"lcp_title\"><a href=\"https:\/\/derecho.uprrp.edu\/revistajuridica\/wp-content\/uploads\/sites\/4\/2016\/05\/84-Rev-Jur-UPR-9.pdf\" target=\"_blank\" rel=\"noopener\">EN RECUERDO DE MI MAESTRO: DON EFRA\u00cdN GONZ\u00c1LEZ TEJERA<\/a><\/h5>\n<\/li>\n<li>\n<h5 class=\"lcp_title\"><a href=\"https:\/\/derecho.uprrp.edu\/revistajuridica\/wp-content\/uploads\/sites\/4\/2016\/05\/84-Rev-Jur-UPR-13.pdf\" target=\"_blank\" rel=\"noopener\">IN MEMORIAM: DR. EFRA\u00cdN GONZ\u00c1LEZ TEJERA<\/a><\/h5>\n<\/li>\n<li>\n<h5 class=\"lcp_title\"><a href=\"https:\/\/derecho.uprrp.edu\/revistajuridica\/wp-content\/uploads\/sites\/4\/2016\/05\/84-Rev-Jur-UPR-15.pdf\" target=\"_blank\" rel=\"noopener\">IN MEMORIAM: EFRA\u00cdN GONZ\u00c1LEZ TEJERA<\/a><\/h5>\n<\/li>\n<li>\n<h5 class=\"lcp_title\"><a href=\"https:\/\/derecho.uprrp.edu\/revistajuridica\/wp-content\/uploads\/sites\/4\/2016\/05\/84-Rev-Jur-UPR-17.pdf\" target=\"_blank\" rel=\"noopener\">PRESENTACI\u00d3N DE LA HONORABLE SONIA SOTOMAYOR CON MOTIVO DEL OTORGAMIENTO DEL GRADO DE DOCTOR HONORIS CAUSA EN DERECHO<\/a><\/h5>\n<\/li>\n<li>\n<h5 class=\"lcp_title\"><a href=\"https:\/\/derecho.uprrp.edu\/revistajuridica\/wp-content\/uploads\/sites\/4\/2016\/05\/84-Rev-Jur-UPR-23.pdf\" target=\"_blank\" rel=\"noopener\">TRANSCRIPT OF COMMENTARY ON RESTORING THE PUBLIC\u2019S TRUST IN THE JUDICIARY UPON RECEIPT OF DOCTOR HONORIS CAUSA<\/a><\/h5>\n<\/li>\n<li>\n<h5 class=\"lcp_title\"><a href=\"https:\/\/derecho.uprrp.edu\/revistajuridica\/wp-content\/uploads\/sites\/4\/2016\/05\/84-Rev-Jur-UPR-41.pdf\" target=\"_blank\" rel=\"noopener\">MENSAJE OFRECIDO EN LA CEREMONIA DE INVESTIDURA DEL VOLUMEN LXXXIV DE LA REVISTA JUR\u00cdDICA DE LA UNIVERSIDAD DE PUERTO RICO<\/a><\/h5>\n<\/li>\n<li>\n<h5 class=\"lcp_title\"><a href=\"https:\/\/derecho.uprrp.edu\/revistajuridica\/wp-content\/uploads\/sites\/4\/2016\/05\/84-Rev-Jur-UPR-45.pdf\" target=\"_blank\" rel=\"noopener\">PONENCIA PRESENTADA EN LA CEREMONIA DE INVESTIDURA DEL VOLUMEN LXXXIV DE LA REVISTA JUR\u00cdDICA DE LA UNIVERSIDAD DE PUERTO RICO<\/a><\/h5>\n<\/li>\n<\/ul>\n","protected":false},"excerpt":{"rendered":"<p>Jeira Bel\u00e9n Ortiz, A Don Efra\u00edn Gonz\u00e1lez Tejera, 84 REV. JUR. UPR 1 (2015) EN HONOR A DON EFRA\u00cdN GONZ\u00c1LEZ TEJERA DE NUESTRA UNIVERSIDAD EN RECUERDO DE MI MAESTRO: DON EFRA\u00cdN GONZ\u00c1LEZ TEJERA IN MEMORIAM: DR. EFRA\u00cdN GONZ\u00c1LEZ TEJERA IN MEMORIAM: EFRA\u00cdN GONZ\u00c1LEZ TEJERA PRESENTACI\u00d3N DE LA HONORABLE SONIA SOTOMAYOR CON MOTIVO DEL OTORGAMIENTO DEL<\/p>\n<div class=\"read-more\"><a href=\"https:\/\/derecho.uprrp.edu\/revistajuridica\/volumenes\/revista-juridica-upr\/volumen-84-numero-1\/\" title=\"Read More\">Read More<\/a><\/div>\n","protected":false},"author":17,"featured_media":0,"parent":616,"menu_order":0,"comment_status":"closed","ping_status":"closed","template":"","meta":{"footnotes":""},"class_list":["post-738","page","type-page","status-publish"],"_links":{"self":[{"href":"https:\/\/derecho.uprrp.edu\/revistajuridica\/wp-json\/wp\/v2\/pages\/738","targetHints":{"allow":["GET"]}}],"collection":[{"href":"https:\/\/derecho.uprrp.edu\/revistajuridica\/wp-json\/wp\/v2\/pages"}],"about":[{"href":"https:\/\/derecho.uprrp.edu\/revistajuridica\/wp-json\/wp\/v2\/types\/page"}],"author":[{"embeddable":true,"href":"https:\/\/derecho.uprrp.edu\/revistajuridica\/wp-json\/wp\/v2\/users\/17"}],"replies":[{"embeddable":true,"href":"https:\/\/derecho.uprrp.edu\/revistajuridica\/wp-json\/wp\/v2\/comments?post=738"}],"version-history":[{"count":2,"href":"https:\/\/derecho.uprrp.edu\/revistajuridica\/wp-json\/wp\/v2\/pages\/738\/revisions"}],"predecessor-version":[{"id":6312,"href":"https:\/\/derecho.uprrp.edu\/revistajuridica\/wp-json\/wp\/v2\/pages\/738\/revisions\/6312"}],"up":[{"embeddable":true,"href":"https:\/\/derecho.uprrp.edu\/revistajuridica\/wp-json\/wp\/v2\/pages\/616"}],"wp:attachment":[{"href":"https:\/\/derecho.uprrp.edu\/revistajuridica\/wp-json\/wp\/v2\/media?parent=738"}],"curies":[{"name":"wp","href":"https:\/\/api.w.org\/{rel}","templated":true}]}}