{"id":7756,"date":"2026-02-06T16:00:15","date_gmt":"2026-02-06T20:00:15","guid":{"rendered":"https:\/\/derecho.uprrp.edu\/revistajuridica\/?page_id=7756"},"modified":"2026-03-05T20:37:17","modified_gmt":"2026-03-06T00:37:17","slug":"__trashed","status":"publish","type":"page","link":"https:\/\/derecho.uprrp.edu\/revistajuridica\/__trashed\/","title":{"rendered":"Volumen 94, N\u00famero 1: An\u00e1lisis del T\u00e9rmino 2024-2025"},"content":{"rendered":"<p><strong>An\u00e1lisis estad\u00edstico<\/strong><\/p>\n<p>Nikxa Rivera Berr\u00edos &amp; Carlos G. Cabrera Rivera, <em>An\u00e1lisis estad\u00edstico<\/em>, 94 REV. JUR. UPR 1 (2025).<\/p>\n<p><a href=\"https:\/\/derecho.uprrp.edu\/revistajuridica\/wp-content\/uploads\/sites\/4\/2026\/02\/Nikxa-Rivera-Berrios-Carlos-G.-Cabrera-Rivera-Analisis-estadistico-94-REV-JUR-UPR-1-2025.pdf\">Art\u00edculo en PDF<\/a><\/p>\n<p><strong>Derecho Administrativo<\/strong><\/p>\n<p>William V\u00e1zquez Irizarry, <em>Derecho Administrativo<\/em>, 94 REV. JUR. UPR 25 (2025).<\/p>\n<p><a href=\"https:\/\/derecho.uprrp.edu\/revistajuridica\/wp-content\/uploads\/sites\/4\/2026\/02\/William-Vazquez-Irizarry-Derecho-Administrativo-94-REV.-JUR.-UPR-25-2025.pdf\">Art\u00edculo en PDF<\/a><\/p>\n<p><strong>Derecho Procesal Civil<\/strong><\/p>\n<p>Nilda M. Navarro Cabrer &amp; Helga M. Gonz\u00e1lez Nieves, <em>Derecho Procesal Civil<\/em>, 94 REV. JUR. UPR 63 (2025).<\/p>\n<p><a href=\"https:\/\/derecho.uprrp.edu\/revistajuridica\/wp-content\/uploads\/sites\/4\/2026\/03\/Nilda-M.-Navarro-Cabrer-Helga-M.-Gonzalez-Nieves-Derecho-Procesal-Civil-94-REV.-JUR.-UPR-63-2025.pdf\">Art\u00edculo en PDF<\/a><\/p>\n<p><strong>Obligaciones y contratos<\/strong><\/p>\n<p>Mariana I. Hern\u00e1ndez Guti\u00e9rrez, <em>An\u00e1lisis de t\u00e9rmino 2023-2024: Obligaciones y contratos<\/em>, 94 REV. JUR. UPR 87 (2025).<\/p>\n<p><a href=\"https:\/\/derecho.uprrp.edu\/revistajuridica\/wp-content\/uploads\/sites\/4\/2026\/03\/Mariana-Hernandez-Gutierrez-Analisis-de-termino-2023-2024-Obligaciones-y-contratos-94-REV.-JUR.-UPR-87-2025.pdf\">Art\u00edculo en PDF<\/a><\/p>\n<p><strong>Derecho Penal Sustantivo<\/strong><\/p>\n<p>Iris Y. Rosario Nieves, <em>Derecho Penal Sustantivo<\/em>, 94 REV. JUR. UPR 109 (2025).<\/p>\n<p><a href=\"https:\/\/derecho.uprrp.edu\/revistajuridica\/wp-content\/uploads\/sites\/4\/2026\/03\/Iris-Y.-Rosario-Nieves-Derecho-Penal-Sustantivo-94-REV.-JUR.-UPR-109-2025.pdf\">Art\u00edculo en PDF<\/a><\/p>\n<p class=\"p1\"><strong>Responsabilidad Civil Extracontractual<\/strong><\/p>\n<p>Luis M. Pellot Juli\u00e1, <em>Responsabilidad Civil Extracontractual<\/em>, 94 REV. JUR. UPR 149 (2025).<\/p>\n<p><a href=\"https:\/\/derecho.uprrp.edu\/revistajuridica\/wp-content\/uploads\/sites\/4\/2026\/03\/Luis-Pellot-Julia-Responsabilidad-Civil-Extracontractual-94-REV.-JUR.-UPR-149-2025.pdf\">Art\u00edculo en PDF<\/a><\/p>\n<p><strong>Derecho Constitucional<\/strong><\/p>\n<p>Pedro Guevara Reyes &amp; Hiram M\u00e9lendez Juarbe, <em>An\u00e1lisis de T\u00e9rmino 2023-2024: Derecho Constitucional Puertorrique\u00f1o<\/em>, 94 REV. JUR. UPR 165 (2025).<\/p>\n<p><a href=\"https:\/\/derecho.uprrp.edu\/revistajuridica\/wp-content\/uploads\/sites\/4\/2026\/02\/Pedro-Guevara-Reyes-Hiram-Melendez-Juarbe-Analisis-de-Termino-2023-2024-Derecho-Constitucional-Puertorriqueno-94-REV.-JUR.-UPR-165-2025.pdf\">Art\u00edculo en PDF<\/a><\/p>\n<p><strong>Derecho Probatorio<\/strong><\/p>\n<p>Vivian I. Neptune Rivera &amp; Itziabel M. Rosa Cardona, <em>An\u00e1lisis de T\u00e9rmino 2023-2024: Derecho Probatorio<\/em>, 94 REV. JUR. UPR 185 (2025).<\/p>\n<p><a href=\"https:\/\/derecho.uprrp.edu\/revistajuridica\/wp-content\/uploads\/sites\/4\/2026\/02\/Vivian-I.-Neptune-Rivera-Itziabel-M.-Rosa-Cardona-Analisis-de-Termino-2023-2024-Derecho-Probatorio-94-REV.-JUR.-UPR-185-2025.pdf\">Art\u00edculo en PDF<\/a><\/p>\n<p><strong>Derecho Registral Inmobiliario<\/strong><\/p>\n<p class=\"p1\">F\u00e9lix R. Figueroa Cab\u00e1n &amp; Joanna B. Pag\u00e1n Andr\u00e9u, <em>An\u00e1lisis de T\u00e9rmino 2023-2024: Derecho Registral Inmobiliario<\/em>, 94 REV. JUR. UPR 195 (2025).<\/p>\n<p><a href=\"https:\/\/derecho.uprrp.edu\/revistajuridica\/wp-content\/uploads\/sites\/4\/2026\/03\/Felix-Figueroa-Caban-Joanna-Pagan-Andreu-Analisis-de-Termino-2023-2024-Derecho-Registral-Inmobiliario-94-REV.-JUR.-UPR-195-2025.pdf\">Art\u00edculo en PDF<\/a><\/p>\n<p><strong>Derechos Reales<\/strong><\/p>\n<p class=\"p1\">F\u00e9lix R. Figueroa Cab\u00e1n &amp; Carlos G. Cabrera Rivera, <em>Derechos Reales<\/em>, 94 REV. JUR. UPR 211 (2025).<\/p>\n<p><a href=\"https:\/\/derecho.uprrp.edu\/revistajuridica\/wp-content\/uploads\/sites\/4\/2026\/03\/Felix-R.-Figueroa-Caban-Carlos-G.-Cabrera-Rivera-Derechos-Reales-94-REV.-JUR.-UPR-211-2025.pdf\">Art\u00edculo en PDF<\/a><\/p>\n<p><strong>Derecho de Seguros<\/strong><\/p>\n<p class=\"p1\">Luis M. Pellot Juli\u00e1, <em>An\u00e1lisis de T\u00e9rmino 2023-2024: Derecho de Seguros<\/em>, 94 REV. JUR. UPR 219 (2025).<\/p>\n<p><a href=\"https:\/\/derecho.uprrp.edu\/revistajuridica\/wp-content\/uploads\/sites\/4\/2026\/03\/Luis-Pellot-Julia-Analisis-de-Termino-2023-2024-Derecho-de-Seguros-94-REV.-JUR.-UPR-219-2025.pdf\">Art\u00edculo en PDF<\/a><\/p>\n<p><strong>Derecho de Empleo<\/strong><\/p>\n<p>Emmalind Garc\u00eda Garc\u00eda, <em>An\u00e1lisis de T\u00e9rmino 2023-2024: Derecho de Empleo<\/em>, 94 REV. JUR. UPR 241 (2025).<\/p>\n<p><a href=\"https:\/\/derecho.uprrp.edu\/revistajuridica\/wp-content\/uploads\/sites\/4\/2026\/03\/Emmalind-Garcia-Garcia-Analisis-de-Termino-2023-2024-Derecho-de-Empleo-94-REV.-JUR.-UPR-241-2025.pdf\">Art\u00edculo en PDF<\/a><\/p>\n<p><strong>Derecho Procesal Penal<\/strong><\/p>\n<p>Oscar E. Miranda Miller, <em>An\u00e1lisis de T\u00e9rmino 2023-2024: Derecho Procesal Penal<\/em>, 94 REV. JUR. UPR 255 (2025).<\/p>\n<p><a href=\"https:\/\/derecho.uprrp.edu\/revistajuridica\/wp-content\/uploads\/sites\/4\/2026\/03\/Oscar-Miranda-Miller-Analisis-de-Termino-2023-2024-Derecho-Procesal-Penal-94-REV.-JUR.-UPR-255-2025.pdf\">Art\u00edculo en PDF<\/a><\/p>\n<p><strong>Derecho de Familia<\/strong><\/p>\n<p class=\"p1\">Ana C. G\u00f3mez P\u00e9rez &amp; Alex Henson Padilla, <em>An\u00e1lisis de T\u00e9rmino 2023-2024: Derecho de Familia<\/em>, 94 REV. JUR. UPR 283 (2025).<\/p>\n<p><a href=\"https:\/\/derecho.uprrp.edu\/revistajuridica\/wp-content\/uploads\/sites\/4\/2026\/03\/Ana-Gomez-Alex-Henson-Analisis-de-Termino-2023-2024-Derecho-de-Familia-94-REV.-JUR.-UPR-283-2025.pdf\">Art\u00edculo en PDF<\/a><\/p>\n<p><strong>Derecho de Sucesiones<\/strong><\/p>\n<p class=\"p1\">Ana C. G\u00f3mez P\u00e9rez &amp; Alex Henson Padilla, <em>An\u00e1lisis de T\u00e9rmino 2023-2024: Derecho de Sucesiones<\/em>, 94 REV. JUR. UPR 289 (2025).<\/p>\n<p><a href=\"https:\/\/derecho.uprrp.edu\/revistajuridica\/wp-content\/uploads\/sites\/4\/2026\/03\/Ana-C.-Gomez-Perez-Alex-Henson-Padilla-Analisis-de-Termino-2023-2024-Derecho-de-Sucesiones-94-REV.-JUR.-UPR-289-2025.pdf\">Art\u00edculo en PDF<\/a><\/p>\n<p><strong>Derecho Electoral<\/strong><\/p>\n<p>Omar Andino Figueroa, <em>An\u00e1lisis de T\u00e9rmino 2023-2024: Derecho Electoral<\/em>, 94 REV. JUR. UPR 299 (2025).<\/p>\n<p><a href=\"https:\/\/derecho.uprrp.edu\/revistajuridica\/wp-content\/uploads\/sites\/4\/2026\/03\/Omar-Andino-Analisis-de-Termino-2023-2024-Derecho-Electoral-94-REV.-JUR.-UPR-299-2025.pdf\">Art\u00edculo en PDF<\/a><\/p>\n<p class=\"p1\"><strong>Term Analysis 2023-2024: U.S. Court of Appeals for the First Circuit<\/strong><\/p>\n<p class=\"p1\">Silvia C. Torres Ortiz et al., <em>Term Analysis 2023-2024: U.S. Court of Appeals for the First Circuit<\/em>, 94 REV. JUR. UPR 327 (2025).<\/p>\n<p><a href=\"https:\/\/derecho.uprrp.edu\/revistajuridica\/wp-content\/uploads\/sites\/4\/2026\/03\/Silvia-C.-Torres-Ortiz-et-al.-Term-Analysis-2023-2024-U.S.-Court-of-Appeals-for-the-First-Circuit-94-REV.-JUR.-UPR-327-2025.pdf\">Art\u00edculo en PDF<\/a><\/p>\n","protected":false},"excerpt":{"rendered":"<p>An\u00e1lisis estad\u00edstico Nikxa Rivera Berr\u00edos &amp; Carlos G. Cabrera Rivera, An\u00e1lisis estad\u00edstico, 94 REV. JUR. UPR 1 (2025). Art\u00edculo en PDF Derecho Administrativo William V\u00e1zquez Irizarry, Derecho Administrativo, 94 REV. JUR. UPR 25 (2025). Art\u00edculo en PDF Derecho Procesal Civil Nilda M. Navarro Cabrer &amp; Helga M. Gonz\u00e1lez Nieves, Derecho Procesal Civil, 94 REV. JUR.<\/p>\n<div class=\"read-more\"><a href=\"https:\/\/derecho.uprrp.edu\/revistajuridica\/__trashed\/\" title=\"Read More\">Read More<\/a><\/div>\n","protected":false},"author":10400,"featured_media":0,"parent":0,"menu_order":0,"comment_status":"closed","ping_status":"closed","template":"","meta":{"footnotes":""},"class_list":["post-7756","page","type-page","status-publish"],"_links":{"self":[{"href":"https:\/\/derecho.uprrp.edu\/revistajuridica\/wp-json\/wp\/v2\/pages\/7756","targetHints":{"allow":["GET"]}}],"collection":[{"href":"https:\/\/derecho.uprrp.edu\/revistajuridica\/wp-json\/wp\/v2\/pages"}],"about":[{"href":"https:\/\/derecho.uprrp.edu\/revistajuridica\/wp-json\/wp\/v2\/types\/page"}],"author":[{"embeddable":true,"href":"https:\/\/derecho.uprrp.edu\/revistajuridica\/wp-json\/wp\/v2\/users\/10400"}],"replies":[{"embeddable":true,"href":"https:\/\/derecho.uprrp.edu\/revistajuridica\/wp-json\/wp\/v2\/comments?post=7756"}],"version-history":[{"count":4,"href":"https:\/\/derecho.uprrp.edu\/revistajuridica\/wp-json\/wp\/v2\/pages\/7756\/revisions"}],"predecessor-version":[{"id":7784,"href":"https:\/\/derecho.uprrp.edu\/revistajuridica\/wp-json\/wp\/v2\/pages\/7756\/revisions\/7784"}],"wp:attachment":[{"href":"https:\/\/derecho.uprrp.edu\/revistajuridica\/wp-json\/wp\/v2\/media?parent=7756"}],"curies":[{"name":"wp","href":"https:\/\/api.w.org\/{rel}","templated":true}]}}