{"id":817,"date":"2016-05-18T21:48:11","date_gmt":"2016-05-18T21:48:11","guid":{"rendered":"http:\/\/revistajuridica.uprrp.edu\/wp\/?page_id=817"},"modified":"2022-06-24T23:37:23","modified_gmt":"2022-06-24T23:37:23","slug":"volumen-84-numero-3","status":"publish","type":"page","link":"https:\/\/derecho.uprrp.edu\/revistajuridica\/volumenes\/revista-juridica-upr\/volumen-84-numero-3\/","title":{"rendered":"Volumen 84-N\u00famero 3"},"content":{"rendered":"<ul id=\"lcp_instance_0\" class=\"lcp_catlist\">\n<li>\n<h5 class=\"lcp_title\"><a href=\"https:\/\/derecho.uprrp.edu\/revistajuridica\/wp-content\/uploads\/sites\/4\/2016\/05\/84-Rev.-Jur.-UPR-803.pdf\" target=\"_blank\" rel=\"noopener\">\u00c9TICA Y CONDUCTA PROFESIONAL<\/a><\/h5>\n<p><a class=\"lcp_morelink\" href=\"https:\/\/derecho.uprrp.edu\/revistajuridica\/wp-content\/uploads\/sites\/4\/2016\/05\/84-Rev.-Jur.-UPR-803.pdf\" target=\"_blank\" rel=\"noopener\">Art\u00edculo en PDF<\/a><\/li>\n<\/ul>\n<ul id=\"lcp_instance_0\" class=\"lcp_catlist\">\n<li>\n<h5 class=\"lcp_title\"><a href=\"https:\/\/derecho.uprrp.edu\/revistajuridica\/wp-content\/uploads\/sites\/4\/2016\/05\/84-Rev.-Jur.-UPR-773.pdf\" target=\"_blank\" rel=\"noopener\">DERECHO LABORAL<\/a><\/h5>\n<p><a class=\"lcp_morelink\" href=\"https:\/\/derecho.uprrp.edu\/revistajuridica\/wp-content\/uploads\/sites\/4\/2016\/05\/84-Rev.-Jur.-UPR-773.pdf\" target=\"_blank\" rel=\"noopener\">Art\u00edculo en PDF<\/a><\/li>\n<\/ul>\n<ul id=\"lcp_instance_0\" class=\"lcp_catlist\">\n<li>\n<h5 class=\"lcp_title\"><a href=\"https:\/\/derecho.uprrp.edu\/revistajuridica\/wp-content\/uploads\/sites\/4\/2016\/05\/84-Rev.-Jur.-UPR-765.pdf\" target=\"_blank\" rel=\"noopener\">RESPONSABILIDAD CIVIL EXTRACONTRACTUAL<\/a><\/h5>\n<p><a class=\"lcp_morelink\" href=\"https:\/\/derecho.uprrp.edu\/revistajuridica\/wp-content\/uploads\/sites\/4\/2016\/05\/84-Rev.-Jur.-UPR-765.pdf\" target=\"_blank\" rel=\"noopener\">Art\u00edculo en PDF<\/a><\/li>\n<\/ul>\n<ul id=\"lcp_instance_0\" class=\"lcp_catlist\">\n<li>\n<h5 class=\"lcp_title\"><a href=\"https:\/\/derecho.uprrp.edu\/revistajuridica\/wp-content\/uploads\/sites\/4\/2016\/05\/84-Rev.-Jur.-UPR-739.pdf\" target=\"_blank\" rel=\"noopener\">DERECHO NOTARIAL<\/a><\/h5>\n<p><a class=\"lcp_morelink\" href=\"https:\/\/derecho.uprrp.edu\/revistajuridica\/wp-content\/uploads\/sites\/4\/2016\/05\/84-Rev.-Jur.-UPR-739.pdf\" target=\"_blank\" rel=\"noopener\">Art\u00edculo en PDF<\/a><\/li>\n<\/ul>\n<ul id=\"lcp_instance_0\" class=\"lcp_catlist\">\n<li>\n<h5 class=\"lcp_title\"><a href=\"https:\/\/derecho.uprrp.edu\/revistajuridica\/wp-content\/uploads\/sites\/4\/2016\/05\/84-Rev.-Jur.-UPR-723.pdf\" target=\"_blank\" rel=\"noopener\">DERECHO REGISTRAL INMOBILIARIO<\/a><\/h5>\n<p><a class=\"lcp_morelink\" href=\"https:\/\/derecho.uprrp.edu\/revistajuridica\/wp-content\/uploads\/sites\/4\/2016\/05\/84-Rev.-Jur.-UPR-723.pdf\" target=\"_blank\" rel=\"noopener\">Art\u00edculo en PDF<\/a><\/li>\n<\/ul>\n<ul id=\"lcp_instance_0\" class=\"lcp_catlist\">\n<li>\n<h5 class=\"lcp_title\"><a href=\"https:\/\/derecho.uprrp.edu\/revistajuridica\/wp-content\/uploads\/sites\/4\/2016\/05\/84-Rev.-Jur.-UPR-705.pdf\" target=\"_blank\" rel=\"noopener\">OBLIGACIONES Y CONTRATOS<\/a><\/h5>\n<p><a class=\"lcp_morelink\" href=\"https:\/\/derecho.uprrp.edu\/revistajuridica\/wp-content\/uploads\/sites\/4\/2016\/05\/84-Rev.-Jur.-UPR-705.pdf\" target=\"_blank\" rel=\"noopener\">Art\u00edculo en PDF<\/a><\/li>\n<\/ul>\n<ul id=\"lcp_instance_0\" class=\"lcp_catlist\">\n<li>\n<h5 class=\"lcp_title\"><a href=\"https:\/\/derecho.uprrp.edu\/revistajuridica\/wp-content\/uploads\/sites\/4\/2016\/05\/84-Rev.-Jur.-UPR-681.pdf\" target=\"_blank\" rel=\"noopener\">DERECHO PROBATORIO<\/a><\/h5>\n<p><a class=\"lcp_morelink\" href=\"https:\/\/derecho.uprrp.edu\/revistajuridica\/wp-content\/uploads\/sites\/4\/2016\/05\/84-Rev.-Jur.-UPR-681.pdf\" target=\"_blank\" rel=\"noopener\">Art\u00edculo en PDF<\/a><\/li>\n<\/ul>\n<ul id=\"lcp_instance_0\" class=\"lcp_catlist\">\n<li>\n<h5 class=\"lcp_title\"><a href=\"https:\/\/derecho.uprrp.edu\/revistajuridica\/wp-content\/uploads\/sites\/4\/2016\/05\/84-Rev.-Jur.-UPR-655.pdf\" target=\"_blank\" rel=\"noopener\">DERECHO PENAL SUSTANTIVO<\/a><\/h5>\n<p><a class=\"lcp_morelink\" href=\"https:\/\/derecho.uprrp.edu\/revistajuridica\/wp-content\/uploads\/sites\/4\/2016\/05\/84-Rev.-Jur.-UPR-655.pdf\" target=\"_blank\" rel=\"noopener\">Art\u00edculo en PDF<\/a><\/li>\n<\/ul>\n<ul id=\"lcp_instance_0\" class=\"lcp_catlist\">\n<li>\n<h5 class=\"lcp_title\"><a href=\"https:\/\/derecho.uprrp.edu\/revistajuridica\/wp-content\/uploads\/sites\/4\/2016\/05\/84-Rev.-Jur.-UPR-573.pdf\" target=\"_blank\" rel=\"noopener\">DERECHO CONSTITUCIONAL<\/a><\/h5>\n<p><a class=\"lcp_morelink\" href=\"https:\/\/derecho.uprrp.edu\/revistajuridica\/wp-content\/uploads\/sites\/4\/2016\/05\/84-Rev.-Jur.-UPR-573.pdf\" target=\"_blank\" rel=\"noopener\">Leer m\u00e1s<\/a><\/li>\n<\/ul>\n<ul id=\"lcp_instance_0\" class=\"lcp_catlist\">\n<li>\n<h5 class=\"lcp_title\"><a href=\"https:\/\/derecho.uprrp.edu\/revistajuridica\/wp-content\/uploads\/sites\/4\/2016\/05\/84-Rev.-Jur.-UPR-609.pdf\" target=\"_blank\" rel=\"noopener\">DERECHO ADMINISTRATIVO<\/a><\/h5>\n<p><a class=\"lcp_morelink\" href=\"https:\/\/derecho.uprrp.edu\/revistajuridica\/wp-content\/uploads\/sites\/4\/2016\/05\/84-Rev.-Jur.-UPR-609.pdf\" target=\"_blank\" rel=\"noopener\">Art\u00edculo en PDF<\/a><\/li>\n<\/ul>\n","protected":false},"excerpt":{"rendered":"<p>\u00c9TICA Y CONDUCTA PROFESIONAL Art\u00edculo en PDF DERECHO LABORAL Art\u00edculo en PDF RESPONSABILIDAD CIVIL EXTRACONTRACTUAL Art\u00edculo en PDF DERECHO NOTARIAL Art\u00edculo en PDF DERECHO REGISTRAL INMOBILIARIO Art\u00edculo en PDF OBLIGACIONES Y CONTRATOS Art\u00edculo en PDF DERECHO PROBATORIO Art\u00edculo en PDF DERECHO PENAL SUSTANTIVO Art\u00edculo en PDF DERECHO CONSTITUCIONAL Leer m\u00e1s DERECHO ADMINISTRATIVO Art\u00edculo en PDF<\/p>\n","protected":false},"author":17,"featured_media":0,"parent":616,"menu_order":0,"comment_status":"closed","ping_status":"closed","template":"","meta":{"footnotes":""},"class_list":["post-817","page","type-page","status-publish"],"_links":{"self":[{"href":"https:\/\/derecho.uprrp.edu\/revistajuridica\/wp-json\/wp\/v2\/pages\/817","targetHints":{"allow":["GET"]}}],"collection":[{"href":"https:\/\/derecho.uprrp.edu\/revistajuridica\/wp-json\/wp\/v2\/pages"}],"about":[{"href":"https:\/\/derecho.uprrp.edu\/revistajuridica\/wp-json\/wp\/v2\/types\/page"}],"author":[{"embeddable":true,"href":"https:\/\/derecho.uprrp.edu\/revistajuridica\/wp-json\/wp\/v2\/users\/17"}],"replies":[{"embeddable":true,"href":"https:\/\/derecho.uprrp.edu\/revistajuridica\/wp-json\/wp\/v2\/comments?post=817"}],"version-history":[{"count":4,"href":"https:\/\/derecho.uprrp.edu\/revistajuridica\/wp-json\/wp\/v2\/pages\/817\/revisions"}],"predecessor-version":[{"id":6407,"href":"https:\/\/derecho.uprrp.edu\/revistajuridica\/wp-json\/wp\/v2\/pages\/817\/revisions\/6407"}],"up":[{"embeddable":true,"href":"https:\/\/derecho.uprrp.edu\/revistajuridica\/wp-json\/wp\/v2\/pages\/616"}],"wp:attachment":[{"href":"https:\/\/derecho.uprrp.edu\/revistajuridica\/wp-json\/wp\/v2\/media?parent=817"}],"curies":[{"name":"wp","href":"https:\/\/api.w.org\/{rel}","templated":true}]}}