{"id":886,"date":"2016-05-19T20:20:45","date_gmt":"2016-05-19T20:20:45","guid":{"rendered":"http:\/\/revistajuridica.uprrp.edu\/wp\/?page_id=886"},"modified":"2022-06-23T18:51:31","modified_gmt":"2022-06-23T18:51:31","slug":"volumen-84-num-4","status":"publish","type":"page","link":"https:\/\/derecho.uprrp.edu\/revistajuridica\/volumenes\/revista-juridica-upr\/volumen-84-num-4\/","title":{"rendered":"Volumen 84-N\u00fam 4"},"content":{"rendered":"<ul id=\"lcp_instance_0\" class=\"lcp_catlist\">\n<li>\n<h5 class=\"lcp_title\"><a href=\"https:\/\/derecho.uprrp.edu\/revistajuridica\/wp-content\/uploads\/sites\/4\/2016\/05\/84-Rev.-Jur.-UPR-1309.pdf\" target=\"_blank\" rel=\"noopener\">ISRAEL Y PALESTINA A DIEZ A\u00d1OS DE LA OPINI\u00d3N CONSULTIVA DE LA CORTE INTERNACIONAL DE JUSTICIA: LA SEGURIDAD DEL ESTADO VERSUS LOS DERECHOS DE LOS INDIVIDUOS<\/a><\/h5>\n<p><a class=\"lcp_morelink\" href=\"https:\/\/derecho.uprrp.edu\/revistajuridica\/wp-content\/uploads\/sites\/4\/2016\/05\/84-Rev.-Jur.-UPR-1309.pdf\" target=\"_blank\" rel=\"noopener\">Art\u00edculo en PDF<\/a><\/li>\n<\/ul>\n<ul id=\"lcp_instance_0\" class=\"lcp_catlist\">\n<li>\n<h5 class=\"lcp_title\"><a href=\"https:\/\/derecho.uprrp.edu\/revistajuridica\/wp-content\/uploads\/sites\/4\/2016\/05\/84-Rev.-Jur.-UPR-1259.pdf\" target=\"_blank\" rel=\"noopener\">NATIONALISTIC SELF-\u00ad\u2010DETERMINATION: A STUDY OF THE EVOLVING RELATIONSHIP BETWEEN NATIONALISM AND POWER AND THE APPLICATION OF THE FINDINGS TO THE CASE OF PUERTO RICO<\/a><\/h5>\n<p><a class=\"lcp_morelink\" href=\"https:\/\/derecho.uprrp.edu\/revistajuridica\/wp-content\/uploads\/sites\/4\/2016\/05\/84-Rev.-Jur.-UPR-1259.pdf\" target=\"_blank\" rel=\"noopener\">Art\u00edculo en PDF<\/a><\/li>\n<\/ul>\n<ul id=\"lcp_instance_0\" class=\"lcp_catlist\">\n<li>\n<h5 class=\"lcp_title\"><a href=\"https:\/\/derecho.uprrp.edu\/revistajuridica\/wp-content\/uploads\/sites\/4\/2016\/05\/84-Rev.-Jur.-UPR-1253.pdf\" target=\"_blank\" rel=\"noopener\">DESCUBRIENDO LA IMPORTANCIA DE LO TRANSNACIONAL<\/a><\/h5>\n<p><a class=\"lcp_morelink\" href=\"https:\/\/derecho.uprrp.edu\/revistajuridica\/wp-content\/uploads\/sites\/4\/2016\/05\/84-Rev.-Jur.-UPR-1253.pdf\" target=\"_blank\" rel=\"noopener\">Art\u00edculo en PDF<\/a><\/li>\n<\/ul>\n<ul id=\"lcp_instance_0\" class=\"lcp_catlist\">\n<li>\n<h5 class=\"lcp_title\"><a href=\"https:\/\/derecho.uprrp.edu\/revistajuridica\/wp-content\/uploads\/sites\/4\/2016\/05\/84-Rev.-Jur.-UPR-1239.pdf\" target=\"_blank\" rel=\"noopener\">LA NACI\u00d3N EN LA ENCRUCIJADA<\/a><\/h5>\n<p><a class=\"lcp_morelink\" href=\"https:\/\/derecho.uprrp.edu\/revistajuridica\/wp-content\/uploads\/sites\/4\/2016\/05\/84-Rev.-Jur.-UPR-1239.pdf\" target=\"_blank\" rel=\"noopener\">Art\u00edculo en PDF<\/a><\/li>\n<\/ul>\n<ul id=\"lcp_instance_0\" class=\"lcp_catlist\">\n<li>\n<h5 class=\"lcp_title\"><a href=\"https:\/\/derecho.uprrp.edu\/revistajuridica\/wp-content\/uploads\/sites\/4\/2016\/05\/84-Rev.-Jur.-UPR-1195.pdf\" target=\"_blank\" rel=\"noopener\">COLLECTIVE ACTION CLAUSES FOR PUERTO RICAN BONDS: BORROWING COSTS, PRACTICAL CONSIDERATIONS AND LESSONS FROM SOVEREIGN DEBT<\/a><\/h5>\n<p><a class=\"lcp_morelink\" href=\"https:\/\/derecho.uprrp.edu\/revistajuridica\/wp-content\/uploads\/sites\/4\/2016\/05\/84-Rev.-Jur.-UPR-1195.pdf\" target=\"_blank\" rel=\"noopener\">Art\u00edculo en PDF<\/a><\/li>\n<\/ul>\n<ul id=\"lcp_instance_0\" class=\"lcp_catlist\">\n<li>\n<h5 class=\"lcp_title\"><a href=\"https:\/\/derecho.uprrp.edu\/revistajuridica\/wp-content\/uploads\/sites\/4\/2016\/05\/84-Rev.-Jur.-UPR-1159.pdf\" target=\"_blank\" rel=\"noopener\">UNA MIRADA A LA EVALUACI\u00d3N DEL APRENDIZAJE ESTUDIANTIL EN LA EDUCACI\u00d3N LEGAL<\/a><\/h5>\n<p><a class=\"lcp_morelink\" href=\"https:\/\/derecho.uprrp.edu\/revistajuridica\/wp-content\/uploads\/sites\/4\/2016\/05\/84-Rev.-Jur.-UPR-1159.pdf\" target=\"_blank\" rel=\"noopener\">Art\u00edculo en PDF<\/a><\/li>\n<\/ul>\n<ul id=\"lcp_instance_0\" class=\"lcp_catlist\">\n<li>\n<h5 class=\"lcp_title\"><a href=\"https:\/\/derecho.uprrp.edu\/revistajuridica\/wp-content\/uploads\/sites\/4\/2016\/05\/84-Rev.-Jur.-UPR-1137.pdf\" target=\"_blank\" rel=\"noopener\">EL ESTADO COMO CONTRATANTE: HACIA UN NUEVO MODELO DE CONTRATACI\u00d3N GUBERNAMENTAL<\/a><\/h5>\n<p><a class=\"lcp_morelink\" href=\"https:\/\/derecho.uprrp.edu\/revistajuridica\/wp-content\/uploads\/sites\/4\/2016\/05\/84-Rev.-Jur.-UPR-1137.pdf\" target=\"_blank\" rel=\"noopener\">Art\u00edculo en PDF<\/a><\/li>\n<\/ul>\n<ul id=\"lcp_instance_0\" class=\"lcp_catlist\">\n<li>\n<h5 class=\"lcp_title\"><a href=\"https:\/\/derecho.uprrp.edu\/revistajuridica\/wp-content\/uploads\/sites\/4\/2016\/05\/84-Rev.-Jur.-UPR-1115.pdf\" target=\"_blank\" rel=\"noopener\">LA HIPOTECA REVERTIDA, UN ESTUDIO CONCEPTUAL: LA GRAN DICOTOM\u00cdA, ENTRE EL SUE\u00d1O Y LA PESADILLA DE SUS POSIBILIDADES EN EL MERCADO FINANCIERO<\/a><\/h5>\n<p><a class=\"lcp_morelink\" href=\"https:\/\/derecho.uprrp.edu\/revistajuridica\/wp-content\/uploads\/sites\/4\/2016\/05\/84-Rev.-Jur.-UPR-1115.pdf\" target=\"_blank\" rel=\"noopener\">Art\u00edculo en PDF<\/a><\/li>\n<\/ul>\n<ul id=\"lcp_instance_0\" class=\"lcp_catlist\">\n<li>\n<h5 class=\"lcp_title\"><a href=\"https:\/\/derecho.uprrp.edu\/revistajuridica\/wp-content\/uploads\/sites\/4\/2016\/05\/84-Rev.-Jur.-UPR-1077.pdf\" target=\"_blank\" rel=\"noopener\">CHIEF JUSTICE OF PUERTO RICO\u2019S SUPREME COURT: A GUBERNATORIAL APPOINTMENT OR A COURT ELECTION?<\/a><\/h5>\n<p><a class=\"lcp_morelink\" href=\"https:\/\/derecho.uprrp.edu\/revistajuridica\/wp-content\/uploads\/sites\/4\/2016\/05\/84-Rev.-Jur.-UPR-1077.pdf\" target=\"_blank\" rel=\"noopener\">Art\u00edculo en PDF<\/a><\/li>\n<\/ul>\n<ul id=\"lcp_instance_0\" class=\"lcp_catlist\">\n<li>\n<h5 class=\"lcp_title\"><a href=\"https:\/\/derecho.uprrp.edu\/revistajuridica\/wp-content\/uploads\/sites\/4\/2016\/05\/84-Rev.-Jur.-UPR-1025.pdf\" target=\"_blank\" rel=\"noopener\">LA PROFESI\u00d3N JUR\u00cdDICA PUERTORRIQUE\u00d1A EN LA ERA GLOBAL Y DIGITAL: COMENTARIOS AL PROYECTO DE C\u00d3DIGO DE CONDUCTA PROFESIONAL<\/a><\/h5>\n<p><a class=\"lcp_morelink\" href=\"https:\/\/derecho.uprrp.edu\/revistajuridica\/wp-content\/uploads\/sites\/4\/2016\/05\/84-Rev.-Jur.-UPR-1025.pdf\" target=\"_blank\" rel=\"noopener\">Art\u00edculo en PDF<\/a><\/li>\n<\/ul>\n","protected":false},"excerpt":{"rendered":"<p>ISRAEL Y PALESTINA A DIEZ A\u00d1OS DE LA OPINI\u00d3N CONSULTIVA DE LA CORTE INTERNACIONAL DE JUSTICIA: LA SEGURIDAD DEL ESTADO VERSUS LOS DERECHOS DE LOS INDIVIDUOS Art\u00edculo en PDF NATIONALISTIC SELF-\u00ad\u2010DETERMINATION: A STUDY OF THE EVOLVING RELATIONSHIP BETWEEN NATIONALISM AND POWER AND THE APPLICATION OF THE FINDINGS TO THE CASE OF PUERTO RICO Art\u00edculo en<\/p>\n<div class=\"read-more\"><a href=\"https:\/\/derecho.uprrp.edu\/revistajuridica\/volumenes\/revista-juridica-upr\/volumen-84-num-4\/\" title=\"Read More\">Read More<\/a><\/div>\n","protected":false},"author":17,"featured_media":0,"parent":616,"menu_order":0,"comment_status":"closed","ping_status":"closed","template":"","meta":{"footnotes":""},"class_list":["post-886","page","type-page","status-publish"],"_links":{"self":[{"href":"https:\/\/derecho.uprrp.edu\/revistajuridica\/wp-json\/wp\/v2\/pages\/886","targetHints":{"allow":["GET"]}}],"collection":[{"href":"https:\/\/derecho.uprrp.edu\/revistajuridica\/wp-json\/wp\/v2\/pages"}],"about":[{"href":"https:\/\/derecho.uprrp.edu\/revistajuridica\/wp-json\/wp\/v2\/types\/page"}],"author":[{"embeddable":true,"href":"https:\/\/derecho.uprrp.edu\/revistajuridica\/wp-json\/wp\/v2\/users\/17"}],"replies":[{"embeddable":true,"href":"https:\/\/derecho.uprrp.edu\/revistajuridica\/wp-json\/wp\/v2\/comments?post=886"}],"version-history":[{"count":2,"href":"https:\/\/derecho.uprrp.edu\/revistajuridica\/wp-json\/wp\/v2\/pages\/886\/revisions"}],"predecessor-version":[{"id":6319,"href":"https:\/\/derecho.uprrp.edu\/revistajuridica\/wp-json\/wp\/v2\/pages\/886\/revisions\/6319"}],"up":[{"embeddable":true,"href":"https:\/\/derecho.uprrp.edu\/revistajuridica\/wp-json\/wp\/v2\/pages\/616"}],"wp:attachment":[{"href":"https:\/\/derecho.uprrp.edu\/revistajuridica\/wp-json\/wp\/v2\/media?parent=886"}],"curies":[{"name":"wp","href":"https:\/\/api.w.org\/{rel}","templated":true}]}}